{"id":1007,"date":"2023-02-16T10:42:02","date_gmt":"2023-02-16T09:42:02","guid":{"rendered":"https:\/\/reltest.glts-cotech.de\/?page_id=1007"},"modified":"2023-09-15T15:29:51","modified_gmt":"2023-09-15T13:29:51","slug":"forschungsprojekt-hymover","status":"publish","type":"page","link":"https:\/\/www.glts-cotech.de\/?page_id=1007","title":{"rendered":"Forschungsprojekt hyMover"},"content":{"rendered":"\t\t<div data-elementor-type=\"wp-page\" data-elementor-id=\"1007\" class=\"elementor elementor-1007\">\n\t\t\t\t\t\t<section class=\"elementor-section elementor-top-section elementor-element elementor-element-4108415c elementor-section-height-min-height elementor-section-boxed elementor-section-height-default elementor-section-items-middle\" data-id=\"4108415c\" data-element_type=\"section\" data-e-type=\"section\" data-settings=\"{&quot;background_background&quot;:&quot;classic&quot;}\">\n\t\t\t\t\t\t<div class=\"elementor-container elementor-column-gap-default\">\n\t\t\t\t\t<div class=\"elementor-column elementor-col-100 elementor-top-column elementor-element elementor-element-7602af96\" data-id=\"7602af96\" data-element_type=\"column\" data-e-type=\"column\">\n\t\t\t<div class=\"elementor-widget-wrap\">\n\t\t\t\t\t\t\t<\/div>\n\t\t<\/div>\n\t\t\t\t\t<\/div>\n\t\t<\/section>\n\t\t\t\t<section class=\"elementor-section elementor-top-section elementor-element elementor-element-4fc27f1d elementor-section-boxed elementor-section-height-default elementor-section-height-default\" data-id=\"4fc27f1d\" data-element_type=\"section\" data-e-type=\"section\" data-settings=\"{&quot;background_background&quot;:&quot;classic&quot;}\">\n\t\t\t\t\t\t<div class=\"elementor-container elementor-column-gap-default\">\n\t\t\t\t\t<div class=\"elementor-column elementor-col-100 elementor-top-column elementor-element elementor-element-918fa3b\" data-id=\"918fa3b\" data-element_type=\"column\" data-e-type=\"column\">\n\t\t\t<div class=\"elementor-widget-wrap elementor-element-populated\">\n\t\t\t\t\t\t<div class=\"elementor-element elementor-element-5a175569 elementor-widget elementor-widget-text-editor\" data-id=\"5a175569\" data-element_type=\"widget\" data-e-type=\"widget\" data-widget_type=\"text-editor.default\">\n\t\t\t\t<div class=\"elementor-widget-container\">\n\t\t\t\t\t\t\t\t\t<p>Forschungsprojekt HyMover<\/p>\t\t\t\t\t\t\t\t<\/div>\n\t\t\t\t<\/div>\n\t\t\t\t\t<\/div>\n\t\t<\/div>\n\t\t\t\t\t<\/div>\n\t\t<\/section>\n\t\t\t\t<section class=\"elementor-section elementor-top-section elementor-element elementor-element-9033485 elementor-section-boxed elementor-section-height-default elementor-section-height-default\" data-id=\"9033485\" data-element_type=\"section\" data-e-type=\"section\">\n\t\t\t\t\t\t<div class=\"elementor-container elementor-column-gap-default\">\n\t\t\t\t\t<div class=\"elementor-column elementor-col-33 elementor-top-column elementor-element elementor-element-10fe2de\" data-id=\"10fe2de\" data-element_type=\"column\" data-e-type=\"column\">\n\t\t\t<div class=\"elementor-widget-wrap\">\n\t\t\t\t\t\t\t<\/div>\n\t\t<\/div>\n\t\t\t\t<div class=\"elementor-column elementor-col-33 elementor-top-column elementor-element elementor-element-419bcfc\" data-id=\"419bcfc\" data-element_type=\"column\" data-e-type=\"column\">\n\t\t\t<div class=\"elementor-widget-wrap elementor-element-populated\">\n\t\t\t\t\t\t<div class=\"elementor-element elementor-element-c59fa6f elementor-widget elementor-widget-image\" data-id=\"c59fa6f\" data-element_type=\"widget\" data-e-type=\"widget\" data-widget_type=\"image.default\">\n\t\t\t\t<div class=\"elementor-widget-container\">\n\t\t\t\t\t\t\t\t\t\t\t\t\t\t\t\t<a href=\"https:\/\/www.hymover.de\" target=\"_blank\">\n\t\t\t\t\t\t\t<img fetchpriority=\"high\" decoding=\"async\" width=\"1024\" height=\"238\" src=\"https:\/\/www.glts-cotech.de\/wp-content\/uploads\/2023\/02\/H2Truck_Logo-1024x238.png\" class=\"attachment-large size-large wp-image-587\" alt=\"\" srcset=\"https:\/\/www.glts-cotech.de\/wp-content\/uploads\/2023\/02\/H2Truck_Logo-1024x238.png 1024w, https:\/\/www.glts-cotech.de\/wp-content\/uploads\/2023\/02\/H2Truck_Logo-300x70.png 300w, https:\/\/www.glts-cotech.de\/wp-content\/uploads\/2023\/02\/H2Truck_Logo-768x178.png 768w, https:\/\/www.glts-cotech.de\/wp-content\/uploads\/2023\/02\/H2Truck_Logo-1536x357.png 1536w, https:\/\/www.glts-cotech.de\/wp-content\/uploads\/2023\/02\/H2Truck_Logo-2048x476.png 2048w\" sizes=\"(max-width: 1024px) 100vw, 1024px\" \/>\t\t\t\t\t\t\t\t<\/a>\n\t\t\t\t\t\t\t\t\t\t\t\t\t\t\t<\/div>\n\t\t\t\t<\/div>\n\t\t\t\t\t<\/div>\n\t\t<\/div>\n\t\t\t\t<div class=\"elementor-column elementor-col-33 elementor-top-column elementor-element elementor-element-e5acde8\" data-id=\"e5acde8\" data-element_type=\"column\" data-e-type=\"column\">\n\t\t\t<div class=\"elementor-widget-wrap\">\n\t\t\t\t\t\t\t<\/div>\n\t\t<\/div>\n\t\t\t\t\t<\/div>\n\t\t<\/section>\n\t\t\t\t<section class=\"elementor-section elementor-top-section elementor-element elementor-element-4c046ee elementor-section-boxed elementor-section-height-default elementor-section-height-default\" data-id=\"4c046ee\" data-element_type=\"section\" data-e-type=\"section\">\n\t\t\t\t\t\t<div class=\"elementor-container elementor-column-gap-default\">\n\t\t\t\t\t<div class=\"elementor-column elementor-col-100 elementor-top-column elementor-element elementor-element-bbce9e3\" data-id=\"bbce9e3\" data-element_type=\"column\" data-e-type=\"column\">\n\t\t\t<div class=\"elementor-widget-wrap elementor-element-populated\">\n\t\t\t\t\t\t<div class=\"elementor-element elementor-element-5cb5195 elementor-widget elementor-widget-text-editor\" data-id=\"5cb5195\" data-element_type=\"widget\" data-e-type=\"widget\" data-widget_type=\"text-editor.default\">\n\t\t\t\t<div class=\"elementor-widget-container\">\n\t\t\t\t\t\t\t\t\t<p><span data-slate-fragment=\"JTVCJTdCJTIydHlwZSUyMiUzQSUyMnAlMjIlMkMlMjJjaGlsZHJlbiUyMiUzQSU1QiU3QiUyMnRleHQlMjIlM0ElMjJEYXMlMjBuZXVlJTIwUHJvamVrdCUyMHp1ciUyMERla2FyYm9uaXNpZXJ1bmclMjBkZXMlMjBXaXJ0c2NoYWZ0c3N5c3RlbXMlMjBpbiUyMGRpZXNlbSUyMEphaHJodW5kZXJ0JTIwZXJmb3JzY2h0JTIwZGllJTIwTSVDMyVCNmdsaWNoa2VpdGVuJTIwZGVyJTIwVmVyd2VuZHVuZyUyMHZvbiUyMGVsZWt0cmlzY2hlbiUyMEFudHJpZWJlbiUyMHVuZCUyMEJyZW5uc3RvZmZ6ZWxsZW50ZWNobm9sb2dpZSUyMGluJTIwS29tYmluYXRpb24lMjBtaXQlMjBXYXNzZXJzdG9mZiUyMGFscyUyMEJyZW5uc3RvZmYlMjBmJUMzJUJDciUyMHNjaHdlcmUlMjBMa3dzJTIwdW5kJTIwU2F0dGVsenVnbWFzY2hpbmVuLiUyMFVtJTIwZGllJTIwZXJmb3JkZXJsaWNoZW4lMjBUcmFuc2Zvcm1hdGlvbmVuJTIwaW0lMjBHJUMzJUJDdGVydmVya2VociUyMGltJTIwSGluYmxpY2slMjBhdWYlMjBkaWUlMjBSZWR1emllcnVuZyUyMGRlciUyMENPMi1FbWlzc2lvbmVuJTIwZHVyY2h6dWYlQzMlQkNocmVuJTJDJTIwd2VyZGVuJTIwendlaSUyMFNhdHRlbHp1Z21hc2NoaW5lbiUyMG1pdCUyMGVsZWt0cmlzY2hlbiUyMEFudHJpZWJlbiUyMHVuZCUyMEJyZW5uc3RvZmZ6ZWxsZW5zeXN0ZW1lbiUyMGF1c2dlc3RhdHRldCUyMHVuZCUyMGF1ZiUyMGlocmUlMjBQcmF4aXN0YXVnbGljaGtlaXQlMjBnZXRlc3RldC4lMjBEaWVzZXIlMjBXZWNoc2VsJTIwenUlMjBhbHRlcm5hdGl2ZW4lMjBBbnRyaWViZW4lMjBpbSUyMFRyYW5zcG9ydHNla3RvciUyMHdpcmQlMjBlaW5lbiUyMHdpY2h0aWdlbiUyMEJlaXRyYWclMjB6dSUyMGVpbmVtJTIwZ2VzdW5kZW4lMjBMZWJlbiUyMGYlQzMlQkNyJTIwTWVuc2NoJTIwdW5kJTIwVGllciUyMGxlaXN0ZW4uJTIyJTdEJTVEJTJDJTIyaWQlMjIlM0ElMjJqY2o2bSUyMiU3RCU1RA==\">Tagt\u00e4glich sind tausende schwere LKW im G\u00fcterverkehr in Deutschland unterwegs. Dabei werden Milliarden Kilometer auf mehreren hundert Millionen Fahrten zur\u00fcckgelegt. Die dabei entstehenden Schadstoffe belasten Mensch, Tier und Natur. Einen Beitrag zur Reduzierung dieser Schadstoffe m\u00f6chte das Projekt mit dem&nbsp;Wechsel zu alternativen Antrieben im Transportsektor leisten.<\/span><\/p>\n<p><span data-slate-fragment=\"JTVCJTdCJTIydHlwZSUyMiUzQSUyMnAlMjIlMkMlMjJjaGlsZHJlbiUyMiUzQSU1QiU3QiUyMnRleHQlMjIlM0ElMjJEYXMlMjBuZXVlJTIwUHJvamVrdCUyMHp1ciUyMERla2FyYm9uaXNpZXJ1bmclMjBkZXMlMjBXaXJ0c2NoYWZ0c3N5c3RlbXMlMjBpbiUyMGRpZXNlbSUyMEphaHJodW5kZXJ0JTIwZXJmb3JzY2h0JTIwZGllJTIwTSVDMyVCNmdsaWNoa2VpdGVuJTIwZGVyJTIwVmVyd2VuZHVuZyUyMHZvbiUyMGVsZWt0cmlzY2hlbiUyMEFudHJpZWJlbiUyMHVuZCUyMEJyZW5uc3RvZmZ6ZWxsZW50ZWNobm9sb2dpZSUyMGluJTIwS29tYmluYXRpb24lMjBtaXQlMjBXYXNzZXJzdG9mZiUyMGFscyUyMEJyZW5uc3RvZmYlMjBmJUMzJUJDciUyMHNjaHdlcmUlMjBMa3dzJTIwdW5kJTIwU2F0dGVsenVnbWFzY2hpbmVuLiUyMFVtJTIwZGllJTIwZXJmb3JkZXJsaWNoZW4lMjBUcmFuc2Zvcm1hdGlvbmVuJTIwaW0lMjBHJUMzJUJDdGVydmVya2VociUyMGltJTIwSGluYmxpY2slMjBhdWYlMjBkaWUlMjBSZWR1emllcnVuZyUyMGRlciUyMENPMi1FbWlzc2lvbmVuJTIwZHVyY2h6dWYlQzMlQkNocmVuJTJDJTIwd2VyZGVuJTIwendlaSUyMFNhdHRlbHp1Z21hc2NoaW5lbiUyMG1pdCUyMGVsZWt0cmlzY2hlbiUyMEFudHJpZWJlbiUyMHVuZCUyMEJyZW5uc3RvZmZ6ZWxsZW5zeXN0ZW1lbiUyMGF1c2dlc3RhdHRldCUyMHVuZCUyMGF1ZiUyMGlocmUlMjBQcmF4aXN0YXVnbGljaGtlaXQlMjBnZXRlc3RldC4lMjBEaWVzZXIlMjBXZWNoc2VsJTIwenUlMjBhbHRlcm5hdGl2ZW4lMjBBbnRyaWViZW4lMjBpbSUyMFRyYW5zcG9ydHNla3RvciUyMHdpcmQlMjBlaW5lbiUyMHdpY2h0aWdlbiUyMEJlaXRyYWclMjB6dSUyMGVpbmVtJTIwZ2VzdW5kZW4lMjBMZWJlbiUyMGYlQzMlQkNyJTIwTWVuc2NoJTIwdW5kJTIwVGllciUyMGxlaXN0ZW4uJTIyJTdEJTVEJTJDJTIyaWQlMjIlM0ElMjJqY2o2bSUyMiU3RCU1RA==\">Das aktuelle Projekt HyMover erforscht die M\u00f6glichkeiten der Verwendung von elektrischen Antrieben und Brennstoffzellentechnologie f\u00fcr schwere Lkws und Sattelzugmaschinen. Um die erforderlichen Transformationen im G\u00fcterverkehr im Hinblick auf die Reduzierung der CO2-Emissionen durchzuf\u00fchren, werden zwei Sattelzugmaschinen mit elektrischen Antrieben und Brennstoffzellensystemen ausgestattet und auf ihre Praxistauglichkeit getestet.&nbsp;<\/span><\/p>\t\t\t\t\t\t\t\t<\/div>\n\t\t\t\t<\/div>\n\t\t\t\t\t<\/div>\n\t\t<\/div>\n\t\t\t\t\t<\/div>\n\t\t<\/section>\n\t\t\t\t<section class=\"elementor-section elementor-top-section elementor-element elementor-element-0931e89 elementor-section-boxed elementor-section-height-default elementor-section-height-default\" data-id=\"0931e89\" data-element_type=\"section\" data-e-type=\"section\">\n\t\t\t\t\t\t<div class=\"elementor-container elementor-column-gap-default\">\n\t\t\t\t\t<div class=\"elementor-column elementor-col-50 elementor-top-column elementor-element elementor-element-006e79c\" data-id=\"006e79c\" data-element_type=\"column\" data-e-type=\"column\">\n\t\t\t<div class=\"elementor-widget-wrap elementor-element-populated\">\n\t\t\t\t\t\t<div class=\"elementor-element elementor-element-cedc75e elementor-widget elementor-widget-button\" data-id=\"cedc75e\" data-element_type=\"widget\" data-e-type=\"widget\" data-widget_type=\"button.default\">\n\t\t\t\t<div class=\"elementor-widget-container\">\n\t\t\t\t\t\t\t\t\t<div class=\"elementor-button-wrapper\">\n\t\t\t\t\t<a class=\"elementor-button elementor-button-link elementor-size-sm\" href=\"https:\/\/www.hymover.de\" target=\"_blank\" id=\"hymover-website\">\n\t\t\t\t\t\t<span class=\"elementor-button-content-wrapper\">\n\t\t\t\t\t\t<span class=\"elementor-button-icon\">\n\t\t\t\t<i aria-hidden=\"true\" class=\"fas fa-truck-moving\"><\/i>\t\t\t<\/span>\n\t\t\t\t\t\t\t\t\t<span class=\"elementor-button-text\">HyMover Projektinformationen<\/span>\n\t\t\t\t\t<\/span>\n\t\t\t\t\t<\/a>\n\t\t\t\t<\/div>\n\t\t\t\t\t\t\t\t<\/div>\n\t\t\t\t<\/div>\n\t\t\t\t\t<\/div>\n\t\t<\/div>\n\t\t\t\t<div class=\"elementor-column elementor-col-50 elementor-top-column elementor-element elementor-element-63c0386\" data-id=\"63c0386\" data-element_type=\"column\" data-e-type=\"column\">\n\t\t\t<div class=\"elementor-widget-wrap elementor-element-populated\">\n\t\t\t\t\t\t<div class=\"elementor-element elementor-element-2fc4fc3 elementor-widget elementor-widget-text-editor\" data-id=\"2fc4fc3\" data-element_type=\"widget\" data-e-type=\"widget\" data-widget_type=\"text-editor.default\">\n\t\t\t\t<div class=\"elementor-widget-container\">\n\t\t\t\t\t\t\t\t\t<p>Hier k\u00f6nnen Sie mehr \u00fcber das Projekt erfahren. (\u00f6ffnet ein neues Fenster auf die Homepage des Projektes HyMover)<\/p>\t\t\t\t\t\t\t\t<\/div>\n\t\t\t\t<\/div>\n\t\t\t\t\t<\/div>\n\t\t<\/div>\n\t\t\t\t\t<\/div>\n\t\t<\/section>\n\t\t\t\t<section class=\"elementor-section elementor-top-section elementor-element elementor-element-f9dbcc5 elementor-section-boxed elementor-section-height-default elementor-section-height-default\" data-id=\"f9dbcc5\" data-element_type=\"section\" data-e-type=\"section\" data-settings=\"{&quot;background_background&quot;:&quot;gradient&quot;}\">\n\t\t\t\t\t\t<div class=\"elementor-container elementor-column-gap-default\">\n\t\t\t\t\t<div class=\"elementor-column elementor-col-33 elementor-top-column elementor-element elementor-element-b6730df\" data-id=\"b6730df\" data-element_type=\"column\" data-e-type=\"column\">\n\t\t\t<div class=\"elementor-widget-wrap elementor-element-populated\">\n\t\t\t\t\t\t<div class=\"elementor-element elementor-element-d35d8b7 elementor-widget elementor-widget-text-editor\" data-id=\"d35d8b7\" data-element_type=\"widget\" data-e-type=\"widget\" data-widget_type=\"text-editor.default\">\n\t\t\t\t<div class=\"elementor-widget-container\">\n\t\t\t\t\t\t\t\t\t<span style=\"color: #bfbfbf;\">glts cotech GmbH<\/span>\t\t\t\t\t\t\t\t<\/div>\n\t\t\t\t<\/div>\n\t\t\t\t<div class=\"elementor-element elementor-element-c04f04b elementor-widget elementor-widget-text-editor\" data-id=\"c04f04b\" data-element_type=\"widget\" data-e-type=\"widget\" data-widget_type=\"text-editor.default\">\n\t\t\t\t<div class=\"elementor-widget-container\">\n\t\t\t\t\t\t\t\t\t<p><span style=\"color: #bfbfbf;\">Handelsplatz 1 b<\/span><br \/><span style=\"color: #bfbfbf;\">04319 Leipzig<\/span><br \/><span style=\"color: #bfbfbf;\">Tel. +49 341 6514405<\/span><br \/><span style=\"color: #bfbfbf;\">info@glts-cotech.de<\/span><\/p>\t\t\t\t\t\t\t\t<\/div>\n\t\t\t\t<\/div>\n\t\t\t\t\t<\/div>\n\t\t<\/div>\n\t\t\t\t<div class=\"elementor-column elementor-col-33 elementor-top-column elementor-element elementor-element-ad6e119\" data-id=\"ad6e119\" data-element_type=\"column\" data-e-type=\"column\">\n\t\t\t<div class=\"elementor-widget-wrap elementor-element-populated\">\n\t\t\t\t\t\t<div class=\"elementor-element elementor-element-4e2b863 elementor-widget elementor-widget-text-editor\" data-id=\"4e2b863\" data-element_type=\"widget\" data-e-type=\"widget\" data-widget_type=\"text-editor.default\">\n\t\t\t\t<div class=\"elementor-widget-container\">\n\t\t\t\t\t\t\t\t\t<p><a href=\"https:\/\/www.glts-cotech.de\/\"><span style=\"color: #bfbfbf;\">Schnell ans Ziel<\/span><\/a><\/p>\t\t\t\t\t\t\t\t<\/div>\n\t\t\t\t<\/div>\n\t\t\t\t<div class=\"elementor-element elementor-element-6f00996 elementor-widget elementor-widget-text-editor\" data-id=\"6f00996\" data-element_type=\"widget\" data-e-type=\"widget\" data-widget_type=\"text-editor.default\">\n\t\t\t\t<div class=\"elementor-widget-container\">\n\t\t\t\t\t\t\t\t\t<p><span style=\"color: #bfbfbf;\"><a style=\"color: #bfbfbf;\" href=\"\/?page_id=55\">Unternehmen<\/a><\/span><br \/><span style=\"color: #bfbfbf;\"><a style=\"color: #bfbfbf;\" href=\"\/?page_id=64\">Job &amp; Karriere<\/a><\/span><br \/><span style=\"color: #bfbfbf;\"><a style=\"color: #bfbfbf;\" href=\"\/?page_id=68\">F\u00f6rderung<\/a><\/span><br \/><span style=\"color: #bfbfbf;\"><a style=\"color: #bfbfbf;\" href=\"\/?page_id=61\">Service &amp; Support<\/a><\/span><\/p>\t\t\t\t\t\t\t\t<\/div>\n\t\t\t\t<\/div>\n\t\t\t\t\t<\/div>\n\t\t<\/div>\n\t\t\t\t<div class=\"elementor-column elementor-col-33 elementor-top-column elementor-element elementor-element-1eb3ad3\" data-id=\"1eb3ad3\" data-element_type=\"column\" data-e-type=\"column\">\n\t\t\t<div class=\"elementor-widget-wrap elementor-element-populated\">\n\t\t\t\t\t\t<div class=\"elementor-element elementor-element-f99cb27 elementor-widget elementor-widget-text-editor\" data-id=\"f99cb27\" data-element_type=\"widget\" data-e-type=\"widget\" data-widget_type=\"text-editor.default\">\n\t\t\t\t<div class=\"elementor-widget-container\">\n\t\t\t\t\t\t\t\t\t<p><span style=\"color: #ffffff;\"><span style=\"color: #bfbfbf;\"><a style=\"color: #bfbfbf;\" href=\"\/?page_id=58\">Produktbereiche<\/a><\/span><\/span><\/p>\t\t\t\t\t\t\t\t<\/div>\n\t\t\t\t<\/div>\n\t\t\t\t<div class=\"elementor-element elementor-element-0b6f374 elementor-widget elementor-widget-text-editor\" data-id=\"0b6f374\" data-element_type=\"widget\" data-e-type=\"widget\" data-widget_type=\"text-editor.default\">\n\t\t\t\t<div class=\"elementor-widget-container\">\n\t\t\t\t\t\t\t\t\t<p><span style=\"color: #bfbfbf;\"><a style=\"color: #bfbfbf;\" href=\"\/?page_id=60\">Disposition &amp; Steuerung<\/a><\/span><br \/><span style=\"color: #bfbfbf;\"><a style=\"color: #bfbfbf;\" href=\"\/?page_id=71\">Prozessmonitoring<\/a><\/span><br \/><span style=\"color: #bfbfbf;\"><a style=\"color: #bfbfbf;\" href=\"\/?page_id=72\">QS &amp; Prozessdokumentation<\/a><\/span><br \/><span style=\"color: #bfbfbf;\"><a style=\"color: #bfbfbf;\" href=\"\/?page_id=501\">Individuelle L\u00f6sungen<\/a><\/span><br \/><span style=\"color: #bfbfbf;\"><a style=\"color: #bfbfbf;\" href=\"\/?page_id=74\">Smartphones f\u00fcr die Logistik &amp; MDM<\/a><\/span><br \/><span style=\"color: #bfbfbf;\"><a style=\"color: #bfbfbf;\" href=\"\/?page_id=75\">Digitale Strategien<\/a><\/span><\/p>\t\t\t\t\t\t\t\t<\/div>\n\t\t\t\t<\/div>\n\t\t\t\t\t<\/div>\n\t\t<\/div>\n\t\t\t\t\t<\/div>\n\t\t<\/section>\n\t\t\t\t<\/div>\n\t\t","protected":false},"excerpt":{"rendered":"<p>Forschungsprojekt HyMover Tagt\u00e4glich sind tausende schwere LKW im G\u00fcterverkehr in Deutschland unterwegs. Dabei werden Milliarden Kilometer auf mehreren hundert Millionen Fahrten zur\u00fcckgelegt. Die dabei entstehenden Schadstoffe belasten Mensch, Tier und Natur. Einen Beitrag zur Reduzierung dieser Schadstoffe m\u00f6chte das Projekt mit dem&nbsp;Wechsel zu alternativen Antrieben im Transportsektor leisten. Das aktuelle Projekt HyMover erforscht die M\u00f6glichkeiten [&hellip;]<\/p>\n","protected":false},"author":3,"featured_media":0,"parent":0,"menu_order":0,"comment_status":"closed","ping_status":"closed","template":"","meta":{"ocean_post_layout":"full-screen","ocean_both_sidebars_style":"","ocean_both_sidebars_content_width":0,"ocean_both_sidebars_sidebars_width":0,"ocean_sidebar":"0","ocean_second_sidebar":"0","ocean_disable_margins":"enable","ocean_add_body_class":"","ocean_shortcode_before_top_bar":"","ocean_shortcode_after_top_bar":"","ocean_shortcode_before_header":"","ocean_shortcode_after_header":"","ocean_has_shortcode":"","ocean_shortcode_after_title":"","ocean_shortcode_before_footer_widgets":"","ocean_shortcode_after_footer_widgets":"","ocean_shortcode_before_footer_bottom":"","ocean_shortcode_after_footer_bottom":"","ocean_display_top_bar":"default","ocean_display_header":"default","ocean_header_style":"","ocean_center_header_left_menu":"0","ocean_custom_header_template":"0","ocean_custom_logo":0,"ocean_custom_retina_logo":0,"ocean_custom_logo_max_width":0,"ocean_custom_logo_tablet_max_width":0,"ocean_custom_logo_mobile_max_width":0,"ocean_custom_logo_max_height":0,"ocean_custom_logo_tablet_max_height":0,"ocean_custom_logo_mobile_max_height":0,"ocean_header_custom_menu":"0","ocean_menu_typo_font_family":"0","ocean_menu_typo_font_subset":"","ocean_menu_typo_font_size":0,"ocean_menu_typo_font_size_tablet":0,"ocean_menu_typo_font_size_mobile":0,"ocean_menu_typo_font_size_unit":"px","ocean_menu_typo_font_weight":"","ocean_menu_typo_font_weight_tablet":"","ocean_menu_typo_font_weight_mobile":"","ocean_menu_typo_transform":"","ocean_menu_typo_transform_tablet":"","ocean_menu_typo_transform_mobile":"","ocean_menu_typo_line_height":0,"ocean_menu_typo_line_height_tablet":0,"ocean_menu_typo_line_height_mobile":0,"ocean_menu_typo_line_height_unit":"","ocean_menu_typo_spacing":0,"ocean_menu_typo_spacing_tablet":0,"ocean_menu_typo_spacing_mobile":0,"ocean_menu_typo_spacing_unit":"","ocean_menu_link_color":"","ocean_menu_link_color_hover":"","ocean_menu_link_color_active":"","ocean_menu_link_background":"","ocean_menu_link_hover_background":"","ocean_menu_link_active_background":"","ocean_menu_social_links_bg":"","ocean_menu_social_hover_links_bg":"","ocean_menu_social_links_color":"","ocean_menu_social_hover_links_color":"","ocean_disable_title":"on","ocean_disable_heading":"default","ocean_post_title":"","ocean_post_subheading":"","ocean_post_title_style":"","ocean_post_title_background_color":"","ocean_post_title_background":0,"ocean_post_title_bg_image_position":"","ocean_post_title_bg_image_attachment":"","ocean_post_title_bg_image_repeat":"","ocean_post_title_bg_image_size":"","ocean_post_title_height":0,"ocean_post_title_bg_overlay":0.5,"ocean_post_title_bg_overlay_color":"","ocean_disable_breadcrumbs":"default","ocean_breadcrumbs_color":"","ocean_breadcrumbs_separator_color":"","ocean_breadcrumbs_links_color":"","ocean_breadcrumbs_links_hover_color":"","ocean_display_footer_widgets":"default","ocean_display_footer_bottom":"default","ocean_custom_footer_template":"0","footnotes":""},"class_list":["post-1007","page","type-page","status-publish","hentry","entry"],"_links":{"self":[{"href":"https:\/\/www.glts-cotech.de\/index.php?rest_route=\/wp\/v2\/pages\/1007","targetHints":{"allow":["GET"]}}],"collection":[{"href":"https:\/\/www.glts-cotech.de\/index.php?rest_route=\/wp\/v2\/pages"}],"about":[{"href":"https:\/\/www.glts-cotech.de\/index.php?rest_route=\/wp\/v2\/types\/page"}],"author":[{"embeddable":true,"href":"https:\/\/www.glts-cotech.de\/index.php?rest_route=\/wp\/v2\/users\/3"}],"replies":[{"embeddable":true,"href":"https:\/\/www.glts-cotech.de\/index.php?rest_route=%2Fwp%2Fv2%2Fcomments&post=1007"}],"version-history":[{"count":83,"href":"https:\/\/www.glts-cotech.de\/index.php?rest_route=\/wp\/v2\/pages\/1007\/revisions"}],"predecessor-version":[{"id":4838,"href":"https:\/\/www.glts-cotech.de\/index.php?rest_route=\/wp\/v2\/pages\/1007\/revisions\/4838"}],"wp:attachment":[{"href":"https:\/\/www.glts-cotech.de\/index.php?rest_route=%2Fwp%2Fv2%2Fmedia&parent=1007"}],"curies":[{"name":"wp","href":"https:\/\/api.w.org\/{rel}","templated":true}]}}