{"id":239,"date":"2020-04-20T15:03:30","date_gmt":"2020-04-20T13:03:30","guid":{"rendered":"https:\/\/reltest.glts-cotech.de\/?page_id=239"},"modified":"2023-09-15T15:40:22","modified_gmt":"2023-09-15T13:40:22","slug":"agb","status":"publish","type":"page","link":"https:\/\/www.glts-cotech.de\/?page_id=239","title":{"rendered":"AGB"},"content":{"rendered":"\t\t<div data-elementor-type=\"wp-page\" data-elementor-id=\"239\" class=\"elementor elementor-239\">\n\t\t\t\t\t\t<section class=\"elementor-section elementor-top-section elementor-element elementor-element-3eadee56 elementor-section-height-min-height elementor-section-boxed elementor-section-height-default elementor-section-items-middle\" data-id=\"3eadee56\" data-element_type=\"section\" data-e-type=\"section\" data-settings=\"{&quot;background_background&quot;:&quot;classic&quot;}\">\n\t\t\t\t\t\t<div class=\"elementor-container elementor-column-gap-default\">\n\t\t\t\t\t<div class=\"elementor-column elementor-col-100 elementor-top-column elementor-element elementor-element-f4bcd8b\" data-id=\"f4bcd8b\" data-element_type=\"column\" data-e-type=\"column\">\n\t\t\t<div class=\"elementor-widget-wrap\">\n\t\t\t\t\t\t\t<\/div>\n\t\t<\/div>\n\t\t\t\t\t<\/div>\n\t\t<\/section>\n\t\t\t\t<section class=\"elementor-section elementor-top-section elementor-element elementor-element-3458ba94 elementor-section-boxed elementor-section-height-default elementor-section-height-default\" data-id=\"3458ba94\" data-element_type=\"section\" data-e-type=\"section\" data-settings=\"{&quot;background_background&quot;:&quot;classic&quot;}\">\n\t\t\t\t\t\t<div class=\"elementor-container elementor-column-gap-default\">\n\t\t\t\t\t<div class=\"elementor-column elementor-col-100 elementor-top-column elementor-element elementor-element-7893fb84\" data-id=\"7893fb84\" data-element_type=\"column\" data-e-type=\"column\">\n\t\t\t<div class=\"elementor-widget-wrap elementor-element-populated\">\n\t\t\t\t\t\t<div class=\"elementor-element elementor-element-417615e1 elementor-widget elementor-widget-text-editor\" data-id=\"417615e1\" data-element_type=\"widget\" data-e-type=\"widget\" data-widget_type=\"text-editor.default\">\n\t\t\t\t<div class=\"elementor-widget-container\">\n\t\t\t\t\t\t\t\t\t<p>AGB<\/p>\t\t\t\t\t\t\t\t<\/div>\n\t\t\t\t<\/div>\n\t\t\t\t\t<\/div>\n\t\t<\/div>\n\t\t\t\t\t<\/div>\n\t\t<\/section>\n\t\t\t\t<section class=\"elementor-section elementor-top-section elementor-element elementor-element-948de46 elementor-section-boxed elementor-section-height-default elementor-section-height-default\" data-id=\"948de46\" data-element_type=\"section\" data-e-type=\"section\">\n\t\t\t\t\t\t<div class=\"elementor-container elementor-column-gap-default\">\n\t\t\t\t\t<div class=\"elementor-column elementor-col-100 elementor-top-column elementor-element elementor-element-7f468ae\" data-id=\"7f468ae\" data-element_type=\"column\" data-e-type=\"column\">\n\t\t\t<div class=\"elementor-widget-wrap elementor-element-populated\">\n\t\t\t\t\t\t<div class=\"elementor-element elementor-element-f0074fb elementor-widget elementor-widget-text-editor\" data-id=\"f0074fb\" data-element_type=\"widget\" data-e-type=\"widget\" data-widget_type=\"text-editor.default\">\n\t\t\t\t<div class=\"elementor-widget-container\">\n\t\t\t\t\t\t\t\t\t<p>Allgemeine Gesch\u00e4ftsbedingungen f\u00fcr Lieferungen<br \/>(g\u00fcltig ab Juni 2013 )<\/p><p>\u00a7 1 Geltungsbereich<br \/>Die Allgemeinen Gesch\u00e4ftsbedingungen (AGB) f\u00fcr Lieferungen gelten, soweit nicht zwischen den Vertragspartnern ausdr\u00fccklich schriftlich anderes vereinbart wurde, f\u00fcr alle Lieferungen der glts cotech GmbH (im folgenden glts cotech). Von unseren Gesch\u00e4ftsbedingungen abr\u00fcckende Bedingungen des Auftraggebers haben keine G\u00fcltigkeit.<br \/>\u00a7 2 Bestellungen<br \/>Vertr\u00e4ge \u00fcber Lieferung von Produkten der glts cotech kommen erst mit schriftlicher Auftragsbest\u00e4tigung durch glts cotech zustande. Vorausgehende Angebote und sonstige Hinweise und Erl\u00e4uterungen von glts cotech gelten als Aufforderung zur Abgabe von Bestellungen. Diese sind stets durch glts cotech schriftlich zu best\u00e4tigen.<br \/>\u00a7 3 Lieferungen<br \/>glts cotech ist bestrebt, Lieferzyklogramme einzuhalten. Liefertermine sind jedoch nur verbindlich, wenn sie im Einzelfall ausdr\u00fccklich schriftlich best\u00e4tigt wurden. Der Auftraggeber kann bei \u00dcberschreitung unverbindlicher Liefertermine schriftlich eine Nachfrist von sechs Wochen setzen. Nach fruchtlosem Ablauf eines zugesicherten Liefertermins oder nach Ablauf der Sechs-Wochen-Frist bei einem unverbindlichen Liefertermin ist der Auftraggeber berechtigt, vorbehaltlich der Regelungen nach Absatz 2 unter Ausschlu\u00df sonstiger Anspr\u00fcche vom Auftrag zur\u00fcckzutreten.<br \/>Schadenersatz kann nur verlangt werden, sofern der Verzug aufgrund einer grob fahrl\u00e4ssigen Pflichtverletzung der glts cotech oder einer vors\u00e4tzlichen oder grob fahrl\u00e4ssigen Pflichtverletzung eines gesetzlichen Vertreters oder Erf\u00fcllungsgehilfen von glts cotech eingetreten ist.<br \/>Bei St\u00f6rungen aufgrund h\u00f6herer Gewalt oder anderer unabwendbarer Ereignisse (Streik, Aussperrung, Betriebsst\u00f6rung bzw. gleiches bei den direkten Lieferanten der glts cotech) verl\u00e4ngern sich die im \u00a7 3 Abschnitt 1 genannten Fristen in angemessenem Umfang. glts cotech wird dem Auftraggeber hiervon unverz\u00fcglich Mitteilung machen. Wird aufgrund dieser St\u00f6rungen die Lieferung dauerhaft unm\u00f6glich oder f\u00fcr einen der Vertragspartner unzumutbar, werden beide Partner endg\u00fcltig frei.<br \/>Bei Lieferungsverz\u00f6gerungen oder der Unm\u00f6glichkeit der Lieferung aufgrund eines von glts cotech nicht zu vertretenen Grundes stehen dem Auftraggeber neben dem R\u00fccktrittsrecht keine weiteren Rechte gegen glts cotech zu.<br \/>glts cotech beh\u00e4lt sich die Zur\u00fcckbehaltung von Ware f\u00fcr den Fall vor, da\u00df gegen\u00fcber dem Auftraggeber offenen Forderungen aus vorangegangenen Lieferungen oder Leistungen bestehen.<br \/>Im Fall des Annahmeverzuges des Auftraggebers beh\u00e4lt sich glts cotech das Recht vor, \u00fcber die Produkte nach angemessener Nachfristsetzung anderweitig zu verf\u00fcgen.<br \/>Dar\u00fcber hinausgehende Schadensersatzanspr\u00fcche bleiben hiervon unber\u00fchrt.<br \/>glts cotech ist zu Teillieferungen und zur Stellung entsprechender Teilrechnungen ausdr\u00fccklich berechtigt. Technische \u00c4nderungen an den Produkten bleiben vorbehalten, soweit das glts cotech &#8211; Produkt in seiner Funktion nicht erheblich ge\u00e4ndert wird und die \u00c4nderung dem Auftraggeber zumutbar ist.<br \/>\u00a7 4 Preise<br \/>Die vereinbarten Preise k\u00f6nnen zum Ausgleich von gestiegenen Kosten erh\u00f6ht werden. Dies ist z.B. der Fall, wenn Dritte, von denen die glts cotech zur Erbringung der nach diesem Vertrag geschuldeten Leistungen notwendige Vorleistungen bezieht, ihre Preise erh\u00f6hen. Ferner sind Preiserh\u00f6hungen in dem Ma\u00df m\u00f6glich, in dem es durch eine Erh\u00f6hung der Umsatzsteuer veranlasst ist.<br \/>Die \u00c4nderung wird zum Ersten des Folgemonates wirksam, nachdem die \u00c4nderungsmitteilung dem Kunden zugegangen ist und dieser ihr nicht innerhalb von 4 Wochen schriftlich widerspricht. Kommt keine Einigung zustande steht beiden Parteien ein au\u00dferordentliches K\u00fcndigungsrecht zu. Die Unterlassung rechtzeitiger Einw\u00e4nde gilt als Genehmigung.<br \/>\u00a7 5 Gefahr\u00fcbergang<br \/>Die Gefahr geht mit Verlassen der Produkte von glts cotech und \u00dcbergabe an die Transportperson auf den Auftraggeber \u00fcber.<br \/>Bei R\u00fccksendung von Produkten an glts cotech tr\u00e4gt der Auftraggeber die Gefahr bis zur R\u00fcckgabe in die Gesch\u00e4ftsr\u00e4ume von glts cotech. R\u00fccksendungen erfolgen grunds\u00e4tzlich frachtfrei f\u00fcr glts cotech.<br \/>\u00a7 6 Zahlung<br \/>Rechnungen sind vorbehaltlich anderer Vereinbarungen zwischen glts cotech und dem Auftraggeber im allgemeinen 14 Tage nach Ausstellungsdatum ohne jeden Abzug f\u00e4llig. Skontoregelungen sind getrennt zu vereinbaren.<br \/>Alle Zahlungen haben auf die in den Rechnungen genannten Konten der glts cotech zu erfolgen. glts cotech ist nicht zur Annahme von Wechseln verpflichtet. Schecks oder Wechsel werden von glts cotech nur erf\u00fcllungshalber angenommen. glts cotech beh\u00e4lt sich jederzeit vor, gegen R\u00fcckgabe von Wechseln Barzahlung zu verlangen. Zahlungen gelten grunds\u00e4tzlich erst mit Einl\u00f6sung des Schecks oder des Wechsels als geleistet. Alle Spesen aus dem Zahlungsverkehr tr\u00e4gt der Auftraggeber.<br \/>Leistet der Auftraggeber die f\u00e4lligen Zahlungen nicht rechtzeitig, ist glts cotech unter Vorbehalt sonstiger Anspr\u00fcche berechtigt, ab Beginn des Vertrages Zinsen in H\u00f6he von 8% \u00fcber dem Basiszinssatz der Europ\u00e4ischen Zentralbank, zu berechnen.<br \/>Der Auftraggeber kann gegen Forderungen der glts cotech nur mit unbestrittenen oder rechtskr\u00e4ftig festgestellten Gegenanspr\u00fcchen aufrechnen.<br \/>glts cotech ist jederzeit berechtigt, k\u00fcnftige Lieferungen von der vollst\u00e4ndigen oder teilweisen Vorausbezahlung der Rechnung abh\u00e4ngig zu machen. Etwaige festgelegte Kreditlinien sind stets frei widerruflich.<br \/>\u00a7 7 Gew\u00e4hrleistung<br \/>Der Auftraggeber hat nach Waren\u00fcbergabe unverz\u00fcglich, sp\u00e4testens innerhalb von 7 Tagen gegen\u00fcber glts cotech schriftlich M\u00e4ngel anzuzeigen.<br \/>Wenn in den Liefervertr\u00e4gen zwischen glts cotech und dem Auftraggeber keine anderen Regelungen getroffen sind, verj\u00e4hren s\u00e4mtliche Gew\u00e4hrleistungsrechte mit dem Ablauf von zw\u00f6lf Monaten ab Gefahr\u00fcbergang von glts cotech.<br \/>Im Gew\u00e4hrleistungsfall wird glts cotech in angemessener Frist das beanstandete Produkt nachbessern. Bei Fehlschlagen der Nachbesserung kann der Auftraggeber Herabsetzung des Kaufpreises oder nach seiner Wahl R\u00fccktritt vom betreffenden Liefervertrag verlangen. Weitergehende Anspr\u00fcche des Auftraggebers sind ausgeschlossen, es sei denn, es besteht nur ein unerheblicher Mangel. In diesem Fall kann der Auftraggeber den Kaufpreis lediglich mindern.<br \/>\u00a7 8 Haftungsbeschr\u00e4nkung<br \/>glts cotech leistet gleich aus welchem Rechtsgrund nur bei Vorsatz oder grober Fahrl\u00e4ssigkeit seiner leitenden Angestellten oder Organe Schadenersatz.<br \/>Eine Haftung f\u00fcr leichte Fahrl\u00e4ssigkeit wird ausgeschlossen. Etwaige Schadensersatzanspr\u00fcche sind grunds\u00e4tzlich auf die H\u00f6he der betreffenden Teillieferung begrenzt. In jedem Falle bleibt unber\u00fchrt eine Haftung der glts cotech nach dem Produkthaftungsgesetz.<br \/>\u00a7 9 Eigentumsvorbehalt<br \/>glts cotech beh\u00e4lt sich bis zur vollst\u00e4ndigen Bezahlung s\u00e4mtlicher auch k\u00fcnftiger Anspr\u00fcche aus der Gesch\u00e4ftsverbindung das Eigentum an allen durch glts cotech gelieferten Produkten vor.<br \/>Die Verarbeitung oder Umbildung erfolgt stets f\u00fcr glts cotech als Hersteller, jedoch ohne Verpflichtung f\u00fcr glts cotech. Erlischt das Eigentum von glts cotech durch Verbindung, so wird bereits jetzt vereinbart, da\u00df das Eigentum des Auftraggebers an der einheitlichen Sache wertanteilm\u00e4\u00dfig (Rechnungswert) auf glts cotech \u00fcbergeht.<br \/>Der Auftraggeber wahrt das Eigentum von glts cotech unentgeltlich. Ware, an der glts cotech Eigentum zusteht, wird im Folgenden als Vorbehaltsware bezeichnet.<br \/>Der Auftraggeber hat Vorbehaltswaren mit kaufm\u00e4nnischer Sorgfalt f\u00fcr glts cotech zu verwahren und auf seine Kosten ausreichend gegen Risiken (Feuer, Wasser, Diebstahl, Haftpflicht) zu versichern. Der Auftraggeber tritt hierzu seine entsprechenden Anspr\u00fcche aus den Versicherungsvertr\u00e4gen bereits bei Vertragsschlu\u00df im voraus an glts cotech ab. glts cotech nimmt diese Abtretungen an.<br \/>Der Auftraggeber darf Vorbehaltsware im Rahmen seiner normalen Gesch\u00e4ftst\u00e4tigkeit ver\u00e4u\u00dfern. Von Zwangsvollstreckungsversuchen oder anderen Beeintr\u00e4chtigungen der Vorbehaltsware durch Dritte hat der Auftraggeber glts cotech unverz\u00fcglich schriftlich zu unterrichten.<br \/>Verkauft der Auftraggeber Vorbehaltsware, so tritt er bereits jetzt seine k\u00fcnftigen Kaufpreisforderungen gegen seine Kunden bis zur vollst\u00e4ndigen Bezahlung s\u00e4mtlicher Anspr\u00fcche zur Sicherheit an glts cotech ab. glts cotech nimmt diese Abtretung an. Der Auftraggeber ist berechtigt, Forderungen ordnungsgem\u00e4\u00df einzuziehen. glts cotech kann diese Berechtigung jedoch widerrufen, dem Kunden des H\u00e4ndlers von der Abtretung Mitteilung machen und die Forderung selbst einziehen, wenn dies zur Wahrung seiner Rechte erforderlich ist. Diese Erfordernis tritt insbesondere ein, wenn der Auftraggeber vertraglichen Verpflichtungen gegen\u00fcber glts cotech nicht nachkommt. Der Auftraggeber ist verpflichtet, glts cotech auf Verlangen unverz\u00fcglich die Adressangaben des betreffenden Kunden des Auftraggeber sowie Art und Umfang der dem Auftraggeber gegen diese Kunden zustehenden Forderungen mitzuteilen. Bei begr\u00fcndeten Zweifeln ist glts cotech zur Einsichtnahme in die entsprechenden Gesch\u00e4ftspapiere des Auftraggebers berechtigt.<br \/>Bei \u00dcberschreitung des Wertes der an glts cotech \u00fcbereigneten Sicherheiten von mehr als 20% gegen\u00fcber den bestehenden Forderungen, wird glts cotech auf Verlangen des Auftraggebers entsprechend dessen Wahl Sicherheiten freigeben. Nach Erf\u00fcllung aller Verbindlichkeiten des Auftraggebers fallen s\u00e4mtliche zur Sicherheit \u00fcbertragenen oder vorbehaltenen Rechte an den Auftraggeber zur\u00fcck.<br \/>Ger\u00e4t der Auftraggeber in Zahlungsverzug oder stellt er seine Zahlungen ein, so erlischt sein Recht zur Weiterver\u00e4u\u00dferung von Vorbehaltsware und zum eigenst\u00e4ndigen Einzug von Forderungen. glts cotech ist in diesem Fall berechtigt, Vorbehaltsware zur\u00fcckzunehmen, und zwar auch dann, wenn glts cotech nicht vom Liefervertrag zur\u00fcckgetreten ist. Die R\u00fccknahme oder Pf\u00e4ndung von Vorbehaltsware durch glts cotech gilt ohne gesonderte schriftliche Vereinbarung nicht als Vertragsr\u00fccktritt. glts cotech ist in diesem Fall berechtigt, die zur\u00fcckgenommene Ware selbst\u00e4ndig zu verwerten und die dabei erzielten Erl\u00f6se auf die offenen Anspr\u00fcche gegen\u00fcber dem Auftraggeber anzurechnen.<br \/>Soweit f\u00fcr glts cotech die Bedingungen eintreten, Vorbehaltsware zur\u00fccknehmen zu k\u00f6nnen, r\u00e4umt der Auftraggeber glts cotech bzw. seinen Beauftragten das unwiderrufliche Recht ein, seine Gesch\u00e4ftsr\u00e4ume zu gesch\u00e4fts\u00fcblichen Zeiten zum Zweck der Abholung zu betreten. Ein entsprechender Transportaufwand geht zu Lasten des Auftraggebers.<br \/>\u00a7 10 Erf\u00fcllungsort, Gerichtsstand<br \/>Erf\u00fcllungsort und Gerichtsstand f\u00fcr alle Lieferungen der glts cotech ist, soweit zul\u00e4ssig, Leipzig.<br \/>Es findet das Recht der Bundesrepublik Deutschland Anwendung.<\/p>\t\t\t\t\t\t\t\t<\/div>\n\t\t\t\t<\/div>\n\t\t\t\t\t<\/div>\n\t\t<\/div>\n\t\t\t\t\t<\/div>\n\t\t<\/section>\n\t\t\t\t<section class=\"elementor-section elementor-top-section elementor-element elementor-element-6c0a9ac elementor-section-boxed elementor-section-height-default elementor-section-height-default\" data-id=\"6c0a9ac\" data-element_type=\"section\" data-e-type=\"section\" data-settings=\"{&quot;background_background&quot;:&quot;gradient&quot;}\">\n\t\t\t\t\t\t<div class=\"elementor-container elementor-column-gap-default\">\n\t\t\t\t\t<div class=\"elementor-column elementor-col-33 elementor-top-column elementor-element elementor-element-ececccd\" data-id=\"ececccd\" data-element_type=\"column\" data-e-type=\"column\">\n\t\t\t<div class=\"elementor-widget-wrap elementor-element-populated\">\n\t\t\t\t\t\t<div class=\"elementor-element elementor-element-e5fad48 elementor-widget elementor-widget-text-editor\" data-id=\"e5fad48\" data-element_type=\"widget\" data-e-type=\"widget\" data-widget_type=\"text-editor.default\">\n\t\t\t\t<div class=\"elementor-widget-container\">\n\t\t\t\t\t\t\t\t\t<span style=\"color: #bfbfbf;\">glts cotech GmbH<\/span>\t\t\t\t\t\t\t\t<\/div>\n\t\t\t\t<\/div>\n\t\t\t\t<div class=\"elementor-element elementor-element-524170e elementor-widget elementor-widget-text-editor\" data-id=\"524170e\" data-element_type=\"widget\" data-e-type=\"widget\" data-widget_type=\"text-editor.default\">\n\t\t\t\t<div class=\"elementor-widget-container\">\n\t\t\t\t\t\t\t\t\t<p><span style=\"color: #bfbfbf;\">Handelsplatz 1 b<\/span><br \/><span style=\"color: #bfbfbf;\">04319 Leipzig<\/span><br \/><span style=\"color: #bfbfbf;\">Tel. +49 341 6514405<\/span><br \/><span style=\"color: #bfbfbf;\">info@glts-cotech.de<\/span><\/p>\t\t\t\t\t\t\t\t<\/div>\n\t\t\t\t<\/div>\n\t\t\t\t\t<\/div>\n\t\t<\/div>\n\t\t\t\t<div class=\"elementor-column elementor-col-33 elementor-top-column elementor-element elementor-element-a410974\" data-id=\"a410974\" data-element_type=\"column\" data-e-type=\"column\">\n\t\t\t<div class=\"elementor-widget-wrap elementor-element-populated\">\n\t\t\t\t\t\t<div class=\"elementor-element elementor-element-b6aea60 elementor-widget elementor-widget-text-editor\" data-id=\"b6aea60\" data-element_type=\"widget\" data-e-type=\"widget\" data-widget_type=\"text-editor.default\">\n\t\t\t\t<div class=\"elementor-widget-container\">\n\t\t\t\t\t\t\t\t\t<p><a href=\"https:\/\/www.glts-cotech.de\/\" data-wplink-edit=\"true\"><span style=\"color: #bfbfbf;\">Schnell ans Ziel<\/span><\/a><\/p>\t\t\t\t\t\t\t\t<\/div>\n\t\t\t\t<\/div>\n\t\t\t\t<div class=\"elementor-element elementor-element-41861f5 elementor-widget elementor-widget-text-editor\" data-id=\"41861f5\" data-element_type=\"widget\" data-e-type=\"widget\" data-widget_type=\"text-editor.default\">\n\t\t\t\t<div class=\"elementor-widget-container\">\n\t\t\t\t\t\t\t\t\t<p><span style=\"color: #bfbfbf;\"><a style=\"color: #bfbfbf;\" href=\"\/?page_id=55\">Unternehmen<\/a><\/span><br \/><span style=\"color: #bfbfbf;\"><a style=\"color: #bfbfbf;\" href=\"\/?page_id=64\">Job &amp; Karriere<\/a><\/span><br \/><span style=\"color: #bfbfbf;\"><a style=\"color: #bfbfbf;\" href=\"\/?page_id=68\">F\u00f6rderung<\/a><\/span><br \/><span style=\"color: #bfbfbf;\"><a style=\"color: #bfbfbf;\" href=\"\/?page_id=61\">Service &amp; Support<\/a><\/span><\/p>\t\t\t\t\t\t\t\t<\/div>\n\t\t\t\t<\/div>\n\t\t\t\t\t<\/div>\n\t\t<\/div>\n\t\t\t\t<div class=\"elementor-column elementor-col-33 elementor-top-column elementor-element elementor-element-18ffac0\" data-id=\"18ffac0\" data-element_type=\"column\" data-e-type=\"column\">\n\t\t\t<div class=\"elementor-widget-wrap elementor-element-populated\">\n\t\t\t\t\t\t<div class=\"elementor-element elementor-element-27fda7f elementor-widget elementor-widget-text-editor\" data-id=\"27fda7f\" data-element_type=\"widget\" data-e-type=\"widget\" data-widget_type=\"text-editor.default\">\n\t\t\t\t<div class=\"elementor-widget-container\">\n\t\t\t\t\t\t\t\t\t<p><span style=\"color: #ffffff;\"><span style=\"color: #bfbfbf;\"><a style=\"color: #bfbfbf;\" href=\"\/?page_id=58\">Produktbereiche<\/a><\/span><\/span><\/p>\t\t\t\t\t\t\t\t<\/div>\n\t\t\t\t<\/div>\n\t\t\t\t<div class=\"elementor-element elementor-element-d2e26ef elementor-widget elementor-widget-text-editor\" data-id=\"d2e26ef\" data-element_type=\"widget\" data-e-type=\"widget\" data-widget_type=\"text-editor.default\">\n\t\t\t\t<div class=\"elementor-widget-container\">\n\t\t\t\t\t\t\t\t\t<p><span style=\"color: #bfbfbf;\"><a style=\"color: #bfbfbf;\" href=\"\/?page_id=60\">Disposition &amp; Steuerung<\/a><\/span><br \/><span style=\"color: #bfbfbf;\"><a style=\"color: #bfbfbf;\" href=\"\/?page_id=71\">Prozessmonitoring<\/a><\/span><br \/><span style=\"color: #bfbfbf;\"><a style=\"color: #bfbfbf;\" href=\"\/?page_id=72\">QS &amp; Prozessdokumentation<\/a><\/span><br \/><span style=\"color: #bfbfbf;\"><a style=\"color: #bfbfbf;\" href=\"\/?page_id=501\">Individuelle L\u00f6sungen<\/a><\/span><br \/><span style=\"color: #bfbfbf;\"><a style=\"color: #bfbfbf;\" href=\"\/?page_id=74\">Smartphones f\u00fcr die Logistik &amp; MDM<\/a><\/span><br \/><span style=\"color: #bfbfbf;\"><a style=\"color: #bfbfbf;\" href=\"\/?page_id=75\">Digitale Strategien<\/a><\/span><\/p>\t\t\t\t\t\t\t\t<\/div>\n\t\t\t\t<\/div>\n\t\t\t\t\t<\/div>\n\t\t<\/div>\n\t\t\t\t\t<\/div>\n\t\t<\/section>\n\t\t\t\t<\/div>\n\t\t","protected":false},"excerpt":{"rendered":"<p>AGB Allgemeine Gesch\u00e4ftsbedingungen f\u00fcr Lieferungen(g\u00fcltig ab Juni 2013 ) \u00a7 1 GeltungsbereichDie Allgemeinen Gesch\u00e4ftsbedingungen (AGB) f\u00fcr Lieferungen gelten, soweit nicht zwischen den Vertragspartnern ausdr\u00fccklich schriftlich anderes vereinbart wurde, f\u00fcr alle Lieferungen der glts cotech GmbH (im folgenden glts cotech). Von unseren Gesch\u00e4ftsbedingungen abr\u00fcckende Bedingungen des Auftraggebers haben keine G\u00fcltigkeit.\u00a7 2 BestellungenVertr\u00e4ge \u00fcber Lieferung von Produkten [&hellip;]<\/p>\n","protected":false},"author":2,"featured_media":0,"parent":0,"menu_order":0,"comment_status":"closed","ping_status":"closed","template":"","meta":{"ocean_post_layout":"full-screen","ocean_both_sidebars_style":"","ocean_both_sidebars_content_width":0,"ocean_both_sidebars_sidebars_width":0,"ocean_sidebar":"0","ocean_second_sidebar":"0","ocean_disable_margins":"enable","ocean_add_body_class":"","ocean_shortcode_before_top_bar":"","ocean_shortcode_after_top_bar":"","ocean_shortcode_before_header":"","ocean_shortcode_after_header":"","ocean_has_shortcode":"","ocean_shortcode_after_title":"","ocean_shortcode_before_footer_widgets":"","ocean_shortcode_after_footer_widgets":"","ocean_shortcode_before_footer_bottom":"","ocean_shortcode_after_footer_bottom":"","ocean_display_top_bar":"default","ocean_display_header":"default","ocean_header_style":"","ocean_center_header_left_menu":"0","ocean_custom_header_template":"0","ocean_custom_logo":0,"ocean_custom_retina_logo":0,"ocean_custom_logo_max_width":0,"ocean_custom_logo_tablet_max_width":0,"ocean_custom_logo_mobile_max_width":0,"ocean_custom_logo_max_height":0,"ocean_custom_logo_tablet_max_height":0,"ocean_custom_logo_mobile_max_height":0,"ocean_header_custom_menu":"0","ocean_menu_typo_font_family":"0","ocean_menu_typo_font_subset":"","ocean_menu_typo_font_size":0,"ocean_menu_typo_font_size_tablet":0,"ocean_menu_typo_font_size_mobile":0,"ocean_menu_typo_font_size_unit":"px","ocean_menu_typo_font_weight":"","ocean_menu_typo_font_weight_tablet":"","ocean_menu_typo_font_weight_mobile":"","ocean_menu_typo_transform":"","ocean_menu_typo_transform_tablet":"","ocean_menu_typo_transform_mobile":"","ocean_menu_typo_line_height":0,"ocean_menu_typo_line_height_tablet":0,"ocean_menu_typo_line_height_mobile":0,"ocean_menu_typo_line_height_unit":"","ocean_menu_typo_spacing":0,"ocean_menu_typo_spacing_tablet":0,"ocean_menu_typo_spacing_mobile":0,"ocean_menu_typo_spacing_unit":"","ocean_menu_link_color":"","ocean_menu_link_color_hover":"","ocean_menu_link_color_active":"","ocean_menu_link_background":"","ocean_menu_link_hover_background":"","ocean_menu_link_active_background":"","ocean_menu_social_links_bg":"","ocean_menu_social_hover_links_bg":"","ocean_menu_social_links_color":"","ocean_menu_social_hover_links_color":"","ocean_disable_title":"on","ocean_disable_heading":"default","ocean_post_title":"","ocean_post_subheading":"","ocean_post_title_style":"","ocean_post_title_background_color":"","ocean_post_title_background":0,"ocean_post_title_bg_image_position":"","ocean_post_title_bg_image_attachment":"","ocean_post_title_bg_image_repeat":"","ocean_post_title_bg_image_size":"","ocean_post_title_height":0,"ocean_post_title_bg_overlay":0.5,"ocean_post_title_bg_overlay_color":"","ocean_disable_breadcrumbs":"default","ocean_breadcrumbs_color":"","ocean_breadcrumbs_separator_color":"","ocean_breadcrumbs_links_color":"","ocean_breadcrumbs_links_hover_color":"","ocean_display_footer_widgets":"default","ocean_display_footer_bottom":"default","ocean_custom_footer_template":"0","footnotes":""},"class_list":["post-239","page","type-page","status-publish","hentry","entry"],"_links":{"self":[{"href":"https:\/\/www.glts-cotech.de\/index.php?rest_route=\/wp\/v2\/pages\/239","targetHints":{"allow":["GET"]}}],"collection":[{"href":"https:\/\/www.glts-cotech.de\/index.php?rest_route=\/wp\/v2\/pages"}],"about":[{"href":"https:\/\/www.glts-cotech.de\/index.php?rest_route=\/wp\/v2\/types\/page"}],"author":[{"embeddable":true,"href":"https:\/\/www.glts-cotech.de\/index.php?rest_route=\/wp\/v2\/users\/2"}],"replies":[{"embeddable":true,"href":"https:\/\/www.glts-cotech.de\/index.php?rest_route=%2Fwp%2Fv2%2Fcomments&post=239"}],"version-history":[{"count":52,"href":"https:\/\/www.glts-cotech.de\/index.php?rest_route=\/wp\/v2\/pages\/239\/revisions"}],"predecessor-version":[{"id":4860,"href":"https:\/\/www.glts-cotech.de\/index.php?rest_route=\/wp\/v2\/pages\/239\/revisions\/4860"}],"wp:attachment":[{"href":"https:\/\/www.glts-cotech.de\/index.php?rest_route=%2Fwp%2Fv2%2Fmedia&parent=239"}],"curies":[{"name":"wp","href":"https:\/\/api.w.org\/{rel}","templated":true}]}}