{"id":77,"date":"2020-03-24T09:52:25","date_gmt":"2020-03-24T08:52:25","guid":{"rendered":"https:\/\/reltest.glts-cotech.de\/?page_id=77"},"modified":"2023-09-15T15:13:28","modified_gmt":"2023-09-15T13:13:28","slug":"new-page17","status":"publish","type":"page","link":"https:\/\/www.glts-cotech.de\/?page_id=77","title":{"rendered":"dispo32"},"content":{"rendered":"\t\t<div data-elementor-type=\"wp-page\" data-elementor-id=\"77\" class=\"elementor elementor-77\">\n\t\t\t\t\t\t<section class=\"elementor-section elementor-top-section elementor-element elementor-element-3cccd3ae elementor-section-height-min-height elementor-section-boxed elementor-section-height-default elementor-section-items-middle\" data-id=\"3cccd3ae\" data-element_type=\"section\" data-e-type=\"section\" data-settings=\"{&quot;background_background&quot;:&quot;classic&quot;}\">\n\t\t\t\t\t\t<div class=\"elementor-container elementor-column-gap-default\">\n\t\t\t\t\t<div class=\"elementor-column elementor-col-100 elementor-top-column elementor-element elementor-element-5f56c248\" data-id=\"5f56c248\" data-element_type=\"column\" data-e-type=\"column\">\n\t\t\t<div class=\"elementor-widget-wrap\">\n\t\t\t\t\t\t\t<\/div>\n\t\t<\/div>\n\t\t\t\t\t<\/div>\n\t\t<\/section>\n\t\t\t\t<section class=\"elementor-section elementor-top-section elementor-element elementor-element-109668ca elementor-section-boxed elementor-section-height-default elementor-section-height-default\" data-id=\"109668ca\" data-element_type=\"section\" data-e-type=\"section\" data-settings=\"{&quot;background_background&quot;:&quot;classic&quot;}\">\n\t\t\t\t\t\t<div class=\"elementor-container elementor-column-gap-default\">\n\t\t\t\t\t<div class=\"elementor-column elementor-col-100 elementor-top-column elementor-element elementor-element-2a4d1a43\" data-id=\"2a4d1a43\" data-element_type=\"column\" data-e-type=\"column\">\n\t\t\t<div class=\"elementor-widget-wrap elementor-element-populated\">\n\t\t\t\t\t\t<div class=\"elementor-element elementor-element-26b373c9 elementor-widget elementor-widget-text-editor\" data-id=\"26b373c9\" data-element_type=\"widget\" data-e-type=\"widget\" data-widget_type=\"text-editor.default\">\n\t\t\t\t<div class=\"elementor-widget-container\">\n\t\t\t\t\t\t\t\t\t<p>Dispo32<\/p>\t\t\t\t\t\t\t\t<\/div>\n\t\t\t\t<\/div>\n\t\t\t\t\t<\/div>\n\t\t<\/div>\n\t\t\t\t\t<\/div>\n\t\t<\/section>\n\t\t\t\t<section class=\"elementor-section elementor-top-section elementor-element elementor-element-f9b86be elementor-section-boxed elementor-section-height-default elementor-section-height-default\" data-id=\"f9b86be\" data-element_type=\"section\" data-e-type=\"section\">\n\t\t\t\t\t\t<div class=\"elementor-container elementor-column-gap-default\">\n\t\t\t\t\t<div class=\"elementor-column elementor-col-50 elementor-top-column elementor-element elementor-element-344acad\" data-id=\"344acad\" data-element_type=\"column\" data-e-type=\"column\">\n\t\t\t<div class=\"elementor-widget-wrap elementor-element-populated\">\n\t\t\t\t\t\t<div class=\"elementor-element elementor-element-ccbbddd elementor-widget elementor-widget-text-editor\" data-id=\"ccbbddd\" data-element_type=\"widget\" data-e-type=\"widget\" data-widget_type=\"text-editor.default\">\n\t\t\t\t<div class=\"elementor-widget-container\">\n\t\t\t\t\t\t\t\t\t<div class=\"ttr_new-page17_html_row0 row\"><div class=\"post_column col-xl-12 col-lg-12 col-md-6 col-sm-12 col-xs-12 col-12\"><div class=\"ttr_new-page17_html_column00\"><h2 class=\"margin_collapsetop\"><span style=\"font-size: 25px; font-weight: 600;\">\u00dcbersicht<\/span><\/h2><\/div><\/div><\/div><div class=\"ttr_new-page17_html_row2 row\"><div class=\"post_column col-xl-6 col-lg-6 col-md-6 col-sm-12 col-xs-12 col-12\"><div class=\"ttr_new-page17_html_column20\"><div class=\"html_content\"><p style=\"font-weight: 400;\">Dispo32 ist ein Dispositionstool, das Disponenten dabei unterst\u00fctzt, ihre Aufgaben schnell und komfortabel zu erledigen. Es erm\u00f6glicht die einfache und schnelle Planung von Nah- und Fernverkehr, sowie die Erstellung von Verladepl\u00e4nen und Fahrauftr\u00e4gen. Die Material- und Fahrzeugzuordnung erfolgt einfach per Drag &amp; Drop, und Gebiete k\u00f6nnen individuell nach Kundenvorgabe bestimmt werden. Dispo32 verf\u00fcgt \u00fcber diverse Standardschnittstellen zum Datenimport und -export, sowie \u00fcber die M\u00f6glichkeit, Daten \u00fcber DF\u00dc auszutauschen. So k\u00f6nnen mehrere Betriebe ihre Daten miteinander austauschen und Prozesse optimieren. Dispo32 ist flexibel und an die individuellen Bed\u00fcrfnisse der Kunden anpassbar. So kann es jederzeit an sich ver\u00e4ndernde Marktanforderungen angepasst werden und bietet h\u00f6chste Flexibilit\u00e4t.<\/p><p style=\"font-weight: 400;\"><strong>Funktionen von Dispo32:<\/strong><\/p><ul style=\"font-weight: 400;\"><li>Planung von Nah- und Fernverkehr<\/li><li>Erstellung von Verladepl\u00e4nen und Fahrauftr\u00e4gen<\/li><li>Einfache und schnelle Material- und Fahrzeugzuordnung<\/li><li>Individuelle Gebiete definieren<\/li><li>Diverse Standardschnittstellen zum Datenimport und -export<\/li><li>DF\u00dc-F\u00e4higkeit<\/li><li>Flexibel und an individuelle Bed\u00fcrfnisse anpassbar<\/li><\/ul><p style=\"font-weight: 400;\"><strong>Vorteile von Dispo32:<\/strong><\/p><ul style=\"font-weight: 400;\"><li>Zeitersparnis<\/li><li>Komfort<\/li><li>Flexibilit\u00e4t<\/li><li>Effizienz<\/li><li>Kostenersparnis<\/li><\/ul><p style=\"font-weight: 400;\">Dispo32 ist das ideale Dispositionstool f\u00fcr Unternehmen, die ihre Aufgaben schnell, komfortabel und effizient erledigen m\u00f6chten. Es bietet eine Vielzahl von Funktionen und Vorteilen, die Unternehmen helfen, ihre Prozesse zu optimieren und ihre Kosten zu senken.<\/p><div class=\"ttr_new-page17_html_row0 row\"><div class=\"post_column col-xl-12 col-lg-12 col-md-6 col-sm-12 col-xs-12 col-12\"><p class=\"ttr_new-page17_html_column00\"><strong>Dispo32 im\u00a0Dolphinder-System:<\/strong><\/p><\/div><\/div><div class=\"ttr_new-page17_html_row3 row\"><div class=\"post_column col-xl-12 col-lg-12 col-md-6 col-sm-12 col-xs-12 col-12\"><div class=\"ttr_new-page17_html_column30\"><div class=\"html_content\"><p>F\u00fcr den Dolphinder spielt die Dispo32-Software eine zentrale Rolle. Hier werden die Ladungen erfasst, zu Auftr\u00e4gen zusammengestellt und auf das Log-Board \u00fcbertragen, nach denen der Fahrer seine Tour f\u00e4hrt. Auf diese Weise kennt der Fahrer den genauen Ablauf seiner Tour ohne den \u00fcblichen Einsatz vieler Dokumente und Telefonate. Der Status der Auftr\u00e4ge und die Positionen der Fahrzeuge werden verarbeitet und sind vom Disponenten \u00fcbersichtlich abrufbar.<\/p><\/div><\/div><\/div><\/div><\/div><\/div><\/div><\/div>\t\t\t\t\t\t\t\t<\/div>\n\t\t\t\t<\/div>\n\t\t\t\t\t<\/div>\n\t\t<\/div>\n\t\t\t\t<div class=\"elementor-column elementor-col-50 elementor-top-column elementor-element elementor-element-80718bf\" data-id=\"80718bf\" data-element_type=\"column\" data-e-type=\"column\">\n\t\t\t<div class=\"elementor-widget-wrap elementor-element-populated\">\n\t\t\t\t\t\t<div class=\"elementor-element elementor-element-301b045 elementor-widget elementor-widget-image\" data-id=\"301b045\" data-element_type=\"widget\" data-e-type=\"widget\" data-widget_type=\"image.default\">\n\t\t\t\t<div class=\"elementor-widget-container\">\n\t\t\t\t\t\t\t\t\t\t\t\t\t\t\t\t<a href=\"\/wp-content\/uploads\/2023\/03\/Dispo32-PC.png\">\n\t\t\t\t\t\t\t<img fetchpriority=\"high\" decoding=\"async\" width=\"300\" height=\"168\" src=\"https:\/\/www.glts-cotech.de\/wp-content\/uploads\/2023\/03\/Dispo32-PC-300x168.png\" class=\"attachment-medium size-medium wp-image-2392\" alt=\"\" srcset=\"https:\/\/www.glts-cotech.de\/wp-content\/uploads\/2023\/03\/Dispo32-PC-300x168.png 300w, https:\/\/www.glts-cotech.de\/wp-content\/uploads\/2023\/03\/Dispo32-PC.png 606w\" sizes=\"(max-width: 300px) 100vw, 300px\" \/>\t\t\t\t\t\t\t\t<\/a>\n\t\t\t\t\t\t\t\t\t\t\t\t\t\t\t<\/div>\n\t\t\t\t<\/div>\n\t\t\t\t\t<\/div>\n\t\t<\/div>\n\t\t\t\t\t<\/div>\n\t\t<\/section>\n\t\t\t\t<section class=\"elementor-section elementor-top-section elementor-element elementor-element-f853cfe elementor-section-boxed elementor-section-height-default elementor-section-height-default\" data-id=\"f853cfe\" data-element_type=\"section\" data-e-type=\"section\">\n\t\t\t\t\t\t<div class=\"elementor-container elementor-column-gap-default\">\n\t\t\t\t\t<div class=\"elementor-column elementor-col-100 elementor-top-column elementor-element elementor-element-27587b4\" data-id=\"27587b4\" data-element_type=\"column\" data-e-type=\"column\">\n\t\t\t<div class=\"elementor-widget-wrap elementor-element-populated\">\n\t\t\t\t\t\t<div class=\"elementor-element elementor-element-15bdb42 elementor-widget elementor-widget-text-editor\" data-id=\"15bdb42\" data-element_type=\"widget\" data-e-type=\"widget\" data-widget_type=\"text-editor.default\">\n\t\t\t\t<div class=\"elementor-widget-container\">\n\t\t\t\t\t\t\t\t\t<div class=\"ttr_new-page17_html_row0 row\"><div class=\"post_column col-xl-12 col-lg-12 col-md-6 col-sm-12 col-xs-12 col-12\">\u00a0<\/div><\/div><div class=\"ttr_new-page17_html_row3 row\"><div class=\"post_column col-xl-12 col-lg-12 col-md-6 col-sm-12 col-xs-12 col-12\"><div class=\"ttr_new-page17_html_column30\"><div class=\"html_content\"><h2>Nutzen<\/h2><\/div><\/div><\/div><div class=\"post_column col-xl-12 col-lg-12 col-md-6 col-sm-12 col-xs-12 col-12\"><div class=\"ttr_new-page17_html_column31\"><div class=\"html_content\"><ul style=\"list-style-type: disc;\"><li>Innovative Server-Client Architektur erm\u00f6glicht die\u00a0<span style=\"font-size: 16px; color: var( --e-global-color-text );\">Disposition an mehreren Arbeitspl\u00e4tzen mit gleichen Daten<\/span><\/li><li>Leichte, intuitive Bedienbarkeit durch Men\u00fcf\u00fchrung und Drag &amp; Drop<\/li><li>Disposition von der Ladungserfassung \u00fcber die Lkw-Disposition bis zur Erzeugung von Fahrauftrag und Verladeplan<\/li><li>Mandanten -, Adress -, Fahrer &#8211; und Lkw-Stammdatenverwaltung<\/li><li>Verweis von Ladestellen auf Absenderadressen<\/li><li>Gebietszuordnung nach Vorgabe des Kunden<\/li><li>Komfortable Recherchefunktion bzgl. Lkw, Ladung, Lieferant, Empf\u00e4nger; statistische Auswertung<\/li><li>Speziell f\u00fcr den Einsatz in DISCOVERY :<br \/><ul style=\"list-style-type: disc;\"><li>automatisches Einlesen von Volkswagenauftr\u00e4gen (DESADV)<\/li><li>manuelle Erzeugung und Korrektur von Auftr\u00e4gen<\/li><li>DESADV\/VDA4913 Daten\u00fcbernahme<\/li><\/ul><\/li><\/ul><h2>Anwendung\u00a0<\/h2><p>Einsatzplanung und -steuerung im Bereich von Vor-, Nach-, und Hauptl\u00e4ufen bei Teil- und\u00a0Komplettladungen, in Stafetten-, Begegnungs- und Rundlaufverkehren.\u00a0<br \/>Erg\u00e4nzt werden kann das Programm Dispo32 mit GPS- und Datenu\u0308bertragungsfunktionen die\u00a0die Kommunikation zwischen der Dispositionsstelle und dem Fahrzeugen vereinfachen und\u00a0automatisieren.<\/p><h2>Vorteile<\/h2><p>Geringe Systemvoraussetzungen, innovative Server-\/\u00a0Client-Architektur, schnelle Einarbeitung durch leichte\u00a0intuitive Bedienbarkeit. Das Programm ist so aufgebaut,\u00a0dass es jeder Zeit nach spezifischen Wu\u0308nschen angepasst\u00a0werden kann.<\/p><\/div><\/div><\/div><div class=\" visible-lg-block d-xl-block d-lg-block visible-md-block d-md-block visible-sm-block d-sm-block visible-xs-block d-block\" style=\"clear: both; width: 0px;\">\u00a0<\/div><\/div>\t\t\t\t\t\t\t\t<\/div>\n\t\t\t\t<\/div>\n\t\t\t\t\t<\/div>\n\t\t<\/div>\n\t\t\t\t\t<\/div>\n\t\t<\/section>\n\t\t\t\t<section class=\"elementor-section elementor-top-section elementor-element elementor-element-6048374 elementor-section-boxed elementor-section-height-default elementor-section-height-default\" data-id=\"6048374\" data-element_type=\"section\" data-e-type=\"section\" data-settings=\"{&quot;background_background&quot;:&quot;gradient&quot;}\">\n\t\t\t\t\t\t<div class=\"elementor-container elementor-column-gap-default\">\n\t\t\t\t\t<div class=\"elementor-column elementor-col-33 elementor-top-column elementor-element elementor-element-373ad48\" data-id=\"373ad48\" data-element_type=\"column\" data-e-type=\"column\">\n\t\t\t<div class=\"elementor-widget-wrap elementor-element-populated\">\n\t\t\t\t\t\t<div class=\"elementor-element elementor-element-f85386d elementor-widget elementor-widget-text-editor\" data-id=\"f85386d\" data-element_type=\"widget\" data-e-type=\"widget\" data-widget_type=\"text-editor.default\">\n\t\t\t\t<div class=\"elementor-widget-container\">\n\t\t\t\t\t\t\t\t\t<span style=\"color: #bfbfbf;\">glts cotech GmbH<\/span>\t\t\t\t\t\t\t\t<\/div>\n\t\t\t\t<\/div>\n\t\t\t\t<div class=\"elementor-element elementor-element-008f4f7 elementor-widget elementor-widget-text-editor\" data-id=\"008f4f7\" data-element_type=\"widget\" data-e-type=\"widget\" data-widget_type=\"text-editor.default\">\n\t\t\t\t<div class=\"elementor-widget-container\">\n\t\t\t\t\t\t\t\t\t<p><span style=\"color: #bfbfbf;\">Handelsplatz 1 b<\/span><br \/><span style=\"color: #bfbfbf;\">04319 Leipzig<\/span><br \/><span style=\"color: #bfbfbf;\">Tel. +49 341 6514405<\/span><br \/><span style=\"color: #bfbfbf;\">info@glts-cotech.de<\/span><\/p>\t\t\t\t\t\t\t\t<\/div>\n\t\t\t\t<\/div>\n\t\t\t\t\t<\/div>\n\t\t<\/div>\n\t\t\t\t<div class=\"elementor-column elementor-col-33 elementor-top-column elementor-element elementor-element-8c6545c\" data-id=\"8c6545c\" data-element_type=\"column\" data-e-type=\"column\">\n\t\t\t<div class=\"elementor-widget-wrap elementor-element-populated\">\n\t\t\t\t\t\t<div class=\"elementor-element elementor-element-586efea elementor-widget elementor-widget-text-editor\" data-id=\"586efea\" data-element_type=\"widget\" data-e-type=\"widget\" data-widget_type=\"text-editor.default\">\n\t\t\t\t<div class=\"elementor-widget-container\">\n\t\t\t\t\t\t\t\t\t<p><a href=\"https:\/\/www.glts-cotech.de\/\"><span style=\"color: #bfbfbf;\">Schnell ans Ziel<\/span><\/a><\/p>\t\t\t\t\t\t\t\t<\/div>\n\t\t\t\t<\/div>\n\t\t\t\t<div class=\"elementor-element elementor-element-edbb3c7 elementor-widget elementor-widget-text-editor\" data-id=\"edbb3c7\" data-element_type=\"widget\" data-e-type=\"widget\" data-widget_type=\"text-editor.default\">\n\t\t\t\t<div class=\"elementor-widget-container\">\n\t\t\t\t\t\t\t\t\t<p><span style=\"color: #bfbfbf;\"><a style=\"color: #bfbfbf;\" href=\"\/?page_id=55\">Unternehmen<\/a><\/span><br \/><span style=\"color: #bfbfbf;\"><a style=\"color: #bfbfbf;\" href=\"\/?page_id=64\">Job &amp; Karriere<\/a><\/span><br \/><span style=\"color: #bfbfbf;\"><a style=\"color: #bfbfbf;\" href=\"\/?page_id=68\">F\u00f6rderung<\/a><\/span><br \/><span style=\"color: #bfbfbf;\"><a style=\"color: #bfbfbf;\" href=\"\/?page_id=61\">Service &amp; Support<\/a><\/span><\/p>\t\t\t\t\t\t\t\t<\/div>\n\t\t\t\t<\/div>\n\t\t\t\t\t<\/div>\n\t\t<\/div>\n\t\t\t\t<div class=\"elementor-column elementor-col-33 elementor-top-column elementor-element elementor-element-764e45c\" data-id=\"764e45c\" data-element_type=\"column\" data-e-type=\"column\">\n\t\t\t<div class=\"elementor-widget-wrap elementor-element-populated\">\n\t\t\t\t\t\t<div class=\"elementor-element elementor-element-44de87e elementor-widget elementor-widget-text-editor\" data-id=\"44de87e\" data-element_type=\"widget\" data-e-type=\"widget\" data-widget_type=\"text-editor.default\">\n\t\t\t\t<div class=\"elementor-widget-container\">\n\t\t\t\t\t\t\t\t\t<p><span style=\"color: #ffffff;\"><span style=\"color: #bfbfbf;\"><a style=\"color: #bfbfbf;\" href=\"\/?page_id=58\">Produktbereiche<\/a><\/span><\/span><\/p>\t\t\t\t\t\t\t\t<\/div>\n\t\t\t\t<\/div>\n\t\t\t\t<div class=\"elementor-element elementor-element-b2610a1 elementor-widget elementor-widget-text-editor\" data-id=\"b2610a1\" data-element_type=\"widget\" data-e-type=\"widget\" data-widget_type=\"text-editor.default\">\n\t\t\t\t<div class=\"elementor-widget-container\">\n\t\t\t\t\t\t\t\t\t<p><span style=\"color: #bfbfbf;\"><a style=\"color: #bfbfbf;\" href=\"\/?page_id=60\">Disposition &amp; Steuerung<\/a><\/span><br \/><span style=\"color: #bfbfbf;\"><a style=\"color: #bfbfbf;\" href=\"\/?page_id=71\">Prozessmonitoring<\/a><\/span><br \/><span style=\"color: #bfbfbf;\"><a style=\"color: #bfbfbf;\" href=\"\/?page_id=72\">QS &amp; Prozessdokumentation<\/a><\/span><br \/><span style=\"color: #bfbfbf;\"><a style=\"color: #bfbfbf;\" href=\"\/?page_id=501\">Individuelle L\u00f6sungen<\/a><\/span><br \/><span style=\"color: #bfbfbf;\"><a style=\"color: #bfbfbf;\" href=\"\/?page_id=74\">Smartphones f\u00fcr die Logistik &amp; MDM<\/a><\/span><br \/><span style=\"color: #bfbfbf;\"><a style=\"color: #bfbfbf;\" href=\"\/?page_id=75\">Digitale Strategien<\/a><\/span><\/p>\t\t\t\t\t\t\t\t<\/div>\n\t\t\t\t<\/div>\n\t\t\t\t\t<\/div>\n\t\t<\/div>\n\t\t\t\t\t<\/div>\n\t\t<\/section>\n\t\t\t\t<\/div>\n\t\t","protected":false},"excerpt":{"rendered":"<p>Dispo32 \u00dcbersicht Dispo32 ist ein Dispositionstool, das Disponenten dabei unterst\u00fctzt, ihre Aufgaben schnell und komfortabel zu erledigen. Es erm\u00f6glicht die einfache und schnelle Planung von Nah- und Fernverkehr, sowie die Erstellung von Verladepl\u00e4nen und Fahrauftr\u00e4gen. Die Material- und Fahrzeugzuordnung erfolgt einfach per Drag &amp; Drop, und Gebiete k\u00f6nnen individuell nach Kundenvorgabe bestimmt werden. Dispo32 verf\u00fcgt [&hellip;]<\/p>\n","protected":false},"author":2,"featured_media":0,"parent":0,"menu_order":23,"comment_status":"closed","ping_status":"closed","template":"","meta":{"ocean_post_layout":"full-screen","ocean_both_sidebars_style":"","ocean_both_sidebars_content_width":0,"ocean_both_sidebars_sidebars_width":0,"ocean_sidebar":"0","ocean_second_sidebar":"0","ocean_disable_margins":"enable","ocean_add_body_class":"","ocean_shortcode_before_top_bar":"","ocean_shortcode_after_top_bar":"","ocean_shortcode_before_header":"","ocean_shortcode_after_header":"","ocean_has_shortcode":"","ocean_shortcode_after_title":"","ocean_shortcode_before_footer_widgets":"","ocean_shortcode_after_footer_widgets":"","ocean_shortcode_before_footer_bottom":"","ocean_shortcode_after_footer_bottom":"","ocean_display_top_bar":"default","ocean_display_header":"default","ocean_header_style":"","ocean_center_header_left_menu":"0","ocean_custom_header_template":"0","ocean_custom_logo":0,"ocean_custom_retina_logo":0,"ocean_custom_logo_max_width":0,"ocean_custom_logo_tablet_max_width":0,"ocean_custom_logo_mobile_max_width":0,"ocean_custom_logo_max_height":0,"ocean_custom_logo_tablet_max_height":0,"ocean_custom_logo_mobile_max_height":0,"ocean_header_custom_menu":"0","ocean_menu_typo_font_family":"0","ocean_menu_typo_font_subset":"","ocean_menu_typo_font_size":0,"ocean_menu_typo_font_size_tablet":0,"ocean_menu_typo_font_size_mobile":0,"ocean_menu_typo_font_size_unit":"px","ocean_menu_typo_font_weight":"","ocean_menu_typo_font_weight_tablet":"","ocean_menu_typo_font_weight_mobile":"","ocean_menu_typo_transform":"","ocean_menu_typo_transform_tablet":"","ocean_menu_typo_transform_mobile":"","ocean_menu_typo_line_height":0,"ocean_menu_typo_line_height_tablet":0,"ocean_menu_typo_line_height_mobile":0,"ocean_menu_typo_line_height_unit":"","ocean_menu_typo_spacing":0,"ocean_menu_typo_spacing_tablet":0,"ocean_menu_typo_spacing_mobile":0,"ocean_menu_typo_spacing_unit":"","ocean_menu_link_color":"","ocean_menu_link_color_hover":"","ocean_menu_link_color_active":"","ocean_menu_link_background":"","ocean_menu_link_hover_background":"","ocean_menu_link_active_background":"","ocean_menu_social_links_bg":"","ocean_menu_social_hover_links_bg":"","ocean_menu_social_links_color":"","ocean_menu_social_hover_links_color":"","ocean_disable_title":"on","ocean_disable_heading":"default","ocean_post_title":"","ocean_post_subheading":"","ocean_post_title_style":"","ocean_post_title_background_color":"","ocean_post_title_background":0,"ocean_post_title_bg_image_position":"","ocean_post_title_bg_image_attachment":"","ocean_post_title_bg_image_repeat":"","ocean_post_title_bg_image_size":"","ocean_post_title_height":0,"ocean_post_title_bg_overlay":0.5,"ocean_post_title_bg_overlay_color":"","ocean_disable_breadcrumbs":"default","ocean_breadcrumbs_color":"","ocean_breadcrumbs_separator_color":"","ocean_breadcrumbs_links_color":"","ocean_breadcrumbs_links_hover_color":"","ocean_display_footer_widgets":"default","ocean_display_footer_bottom":"default","ocean_custom_footer_template":"0","footnotes":""},"class_list":["post-77","page","type-page","status-publish","hentry","entry"],"_links":{"self":[{"href":"https:\/\/www.glts-cotech.de\/index.php?rest_route=\/wp\/v2\/pages\/77","targetHints":{"allow":["GET"]}}],"collection":[{"href":"https:\/\/www.glts-cotech.de\/index.php?rest_route=\/wp\/v2\/pages"}],"about":[{"href":"https:\/\/www.glts-cotech.de\/index.php?rest_route=\/wp\/v2\/types\/page"}],"author":[{"embeddable":true,"href":"https:\/\/www.glts-cotech.de\/index.php?rest_route=\/wp\/v2\/users\/2"}],"replies":[{"embeddable":true,"href":"https:\/\/www.glts-cotech.de\/index.php?rest_route=%2Fwp%2Fv2%2Fcomments&post=77"}],"version-history":[{"count":91,"href":"https:\/\/www.glts-cotech.de\/index.php?rest_route=\/wp\/v2\/pages\/77\/revisions"}],"predecessor-version":[{"id":4796,"href":"https:\/\/www.glts-cotech.de\/index.php?rest_route=\/wp\/v2\/pages\/77\/revisions\/4796"}],"wp:attachment":[{"href":"https:\/\/www.glts-cotech.de\/index.php?rest_route=%2Fwp%2Fv2%2Fmedia&parent=77"}],"curies":[{"name":"wp","href":"https:\/\/api.w.org\/{rel}","templated":true}]}}