{"id":79,"date":"2020-03-24T09:52:25","date_gmt":"2020-03-24T08:52:25","guid":{"rendered":"https:\/\/reltest.glts-cotech.de\/?page_id=79"},"modified":"2023-09-18T09:10:03","modified_gmt":"2023-09-18T07:10:03","slug":"new-page19","status":"publish","type":"page","link":"https:\/\/www.glts-cotech.de\/?page_id=79","title":{"rendered":"lkwabruf"},"content":{"rendered":"\t\t<div data-elementor-type=\"wp-page\" data-elementor-id=\"79\" class=\"elementor elementor-79\">\n\t\t\t\t\t\t<section class=\"elementor-section elementor-top-section elementor-element elementor-element-7338ccad elementor-section-height-min-height elementor-section-boxed elementor-section-height-default elementor-section-items-middle\" data-id=\"7338ccad\" data-element_type=\"section\" data-e-type=\"section\" data-settings=\"{&quot;background_background&quot;:&quot;classic&quot;}\">\n\t\t\t\t\t\t<div class=\"elementor-container elementor-column-gap-default\">\n\t\t\t\t\t<div class=\"elementor-column elementor-col-100 elementor-top-column elementor-element elementor-element-467f15eb\" data-id=\"467f15eb\" data-element_type=\"column\" data-e-type=\"column\">\n\t\t\t<div class=\"elementor-widget-wrap\">\n\t\t\t\t\t\t\t<\/div>\n\t\t<\/div>\n\t\t\t\t\t<\/div>\n\t\t<\/section>\n\t\t\t\t<section class=\"elementor-section elementor-top-section elementor-element elementor-element-5c1e9e17 elementor-section-boxed elementor-section-height-default elementor-section-height-default\" data-id=\"5c1e9e17\" data-element_type=\"section\" data-e-type=\"section\" data-settings=\"{&quot;background_background&quot;:&quot;classic&quot;}\">\n\t\t\t\t\t\t<div class=\"elementor-container elementor-column-gap-default\">\n\t\t\t\t\t<div class=\"elementor-column elementor-col-100 elementor-top-column elementor-element elementor-element-7f679ad\" data-id=\"7f679ad\" data-element_type=\"column\" data-e-type=\"column\">\n\t\t\t<div class=\"elementor-widget-wrap elementor-element-populated\">\n\t\t\t\t\t\t<div class=\"elementor-element elementor-element-59b2688c elementor-widget elementor-widget-text-editor\" data-id=\"59b2688c\" data-element_type=\"widget\" data-e-type=\"widget\" data-widget_type=\"text-editor.default\">\n\t\t\t\t<div class=\"elementor-widget-container\">\n\t\t\t\t\t\t\t\t\t<p>LKW &#8211; Abruf<\/p>\t\t\t\t\t\t\t\t<\/div>\n\t\t\t\t<\/div>\n\t\t\t\t\t<\/div>\n\t\t<\/div>\n\t\t\t\t\t<\/div>\n\t\t<\/section>\n\t\t\t\t<section class=\"elementor-section elementor-top-section elementor-element elementor-element-940e0a4 elementor-section-boxed elementor-section-height-default elementor-section-height-default\" data-id=\"940e0a4\" data-element_type=\"section\" data-e-type=\"section\">\n\t\t\t\t\t\t<div class=\"elementor-container elementor-column-gap-default\">\n\t\t\t\t\t<div class=\"elementor-column elementor-col-100 elementor-top-column elementor-element elementor-element-bd9d95d\" data-id=\"bd9d95d\" data-element_type=\"column\" data-e-type=\"column\">\n\t\t\t<div class=\"elementor-widget-wrap elementor-element-populated\">\n\t\t\t\t\t\t<div class=\"elementor-element elementor-element-d39029a elementor-widget elementor-widget-text-editor\" data-id=\"d39029a\" data-element_type=\"widget\" data-e-type=\"widget\" data-widget_type=\"text-editor.default\">\n\t\t\t\t<div class=\"elementor-widget-container\">\n\t\t\t\t\t\t\t\t\t<div class=\"ttr_new-page19_html_row0 row\"><div class=\"post_column col-xl-3 col-lg-3 col-md-6 col-sm-12 col-xs-12 col-12\"><div class=\"ttr_new-page19_html_column00\"><h2 class=\"margin_collapsetop\">Funktion<\/h2><p>Das System LKW-Abruf erm\u00f6glicht es Kunden eigene und fremde Fahrzeuge dynamisch zum Be- und Entladeort zu steuern bzw. mit prozessrelevanten Informationen zum innerbetrieblichen Warenverkehr zu versorgen. <br \/>Der Datenaustausch erfolgt \u00fcber das Portal, welches die Meldung(en) an ein dem Fahrer zur Verf\u00fcgung gestelltes Abruf-Smartphone sendet. <br \/>Fremdfirmen, wie Speditionen, erhalten bei Einfahrt in das Betriebsgel\u00e4nde ein mobiles Endger\u00e4t ausgeh\u00e4ndigt und k\u00f6nnen somit in den innerbetrieblichen Warenverkehr eingebunden und dynamisch an den Be- oder Entladeort gef\u00fchrt werden.<\/p><\/div><\/div><\/div><div class=\"ttr_new-page19_html_row1 row\"><div class=\"post_column col-xl-3 col-lg-3 col-md-6 col-sm-12 col-xs-12 col-12\"><div class=\"ttr_new-page19_html_column12\"><div class=\"html_content\"><p>Das System LKW \u2013 Abruf dient der Steuerung von anliefernden oder abholenden Fahrzeugen\u00a0innerhalb von Werken, Baustellen oder zwischen r\u00e4umlich getrennten Fl\u00e4chen. Die Fahrzeuge\u00a0werden bei der Anmeldung mit einem Abrufger\u00e4t ausgestattet, welches die einfache\u00a0Kommunikation mit dem Fahrer gew\u00e4hrleistet. Gesteuert werden die Fahrzeuge mittels einer\u00a0webbasierenden Anwendung.<\/p><h2>Anwendung<\/h2><p>Optimierter Abruf von Fahrzeugen aus entfernt liegenden Bereitstellungsfl\u00e4chen in den Verwendungsbereich.\u00a0<span style=\"font-size: 16px; color: var( --e-global-color-text );\">Nutzbar zum Beispiel fu\u0308r den Abruf von Fahrzeugen zu Baustellen, Be- und Entladefl\u00e4chen oder\u00a0<\/span><span style=\"font-size: 16px; color: var( --e-global-color-text );\">Lagerstandorten. LKW-Abruf kann zudem zur Steuerung der Verkehre auf Fl\u00e4chen mit mehreren\u00a0<\/span><span style=\"font-size: 16px; color: var( --e-global-color-text );\">Anlaufpunkten (Be-\/Entladestellen, Abfertigungsbu\u0308ro) genutzt werden. Erweitert werden kann das\u00a0<\/span><span style=\"font-size: 16px; color: var( --e-global-color-text );\">System durch die M\u00f6glichkeit der Ortung der Fahrzeuge (Statuscheck, Sicherheitsaspekte).<\/span><\/p><h2>Nutzen<\/h2><p>LKW-Abruf ist ein schnell zu integrierendes und jederzeit an den Bedarf anpassbares\u00a0<span style=\"font-size: 16px; color: var( --e-global-color-text );\">Steuerungssystem. Die Kontrollfunktionen stehen u\u0308ber eine webbasierende Anwendung zur\u00a0<\/span><span style=\"font-size: 16px; color: var( --e-global-color-text );\">Verfu\u0308gung. Es bietet jederzeit eine \u00dcbersicht und Kontrolle u\u0308ber bereitstehende Fahrzeuge und sorgt f\u00fcr eine auslastungsgerechte Gleichverteilung der Tore bzw. Rampen. Die Abfertigung wird transparent und messbar. Wartezeiten werden zu Ruhezeiten. Die Fahrer k\u00f6nnen durch den direkten Abruf \u00a0Wartezeit und -ort w\u00e4hlen und nutzen.\u00a0<\/span><span style=\"font-size: 16px; color: var( --e-global-color-text );\">Durch flexibel zu gestaltende Auswertungen besteht die M\u00f6glichkeit\u00a0<\/span><span style=\"font-size: 16px; color: var( --e-global-color-text );\">Abl\u00e4ufe, Prozesse sowie Kennzahlen darzustellen.\u00a0<\/span><span style=\"font-size: 16px; color: var( --e-global-color-text );\">Prozesse werden transparent und Fahrzeugwartezeiten\u00a0<\/span><span style=\"font-size: 16px; color: var( --e-global-color-text );\">k\u00f6nnen optimiert werden. Dadurch k\u00f6nnen anfallende Kosten\u00a0<\/span><span style=\"font-size: 16px; color: var( --e-global-color-text );\">vermieden bzw. gesenkt werden.<\/span><\/p><\/div><\/div><\/div><\/div>\t\t\t\t\t\t\t\t<\/div>\n\t\t\t\t<\/div>\n\t\t\t\t\t<\/div>\n\t\t<\/div>\n\t\t\t\t\t<\/div>\n\t\t<\/section>\n\t\t\t\t<section class=\"elementor-section elementor-top-section elementor-element elementor-element-a7e2960 elementor-section-boxed elementor-section-height-default elementor-section-height-default\" data-id=\"a7e2960\" data-element_type=\"section\" data-e-type=\"section\">\n\t\t\t\t\t\t<div class=\"elementor-container elementor-column-gap-default\">\n\t\t\t\t\t<div class=\"elementor-column elementor-col-100 elementor-top-column elementor-element elementor-element-6417224\" data-id=\"6417224\" data-element_type=\"column\" data-e-type=\"column\">\n\t\t\t<div class=\"elementor-widget-wrap elementor-element-populated\">\n\t\t\t\t\t\t<div class=\"elementor-element elementor-element-e6c5d35 elementor-widget__width-initial elementor-widget elementor-widget-image\" data-id=\"e6c5d35\" data-element_type=\"widget\" data-e-type=\"widget\" data-widget_type=\"image.default\">\n\t\t\t\t<div class=\"elementor-widget-container\">\n\t\t\t\t\t\t\t\t\t\t\t\t\t\t\t\t<a href=\"\/wp-content\/uploads\/2023\/02\/Portal-mod.png\">\n\t\t\t\t\t\t\t<img fetchpriority=\"high\" decoding=\"async\" width=\"768\" height=\"258\" src=\"https:\/\/www.glts-cotech.de\/wp-content\/uploads\/2023\/02\/Portal-mod-768x258.png\" class=\"attachment-medium_large size-medium_large wp-image-1523\" alt=\"\" srcset=\"https:\/\/www.glts-cotech.de\/wp-content\/uploads\/2023\/02\/Portal-mod-768x258.png 768w, https:\/\/www.glts-cotech.de\/wp-content\/uploads\/2023\/02\/Portal-mod-300x101.png 300w, https:\/\/www.glts-cotech.de\/wp-content\/uploads\/2023\/02\/Portal-mod-1024x343.png 1024w, https:\/\/www.glts-cotech.de\/wp-content\/uploads\/2023\/02\/Portal-mod-1536x515.png 1536w, https:\/\/www.glts-cotech.de\/wp-content\/uploads\/2023\/02\/Portal-mod.png 1768w\" sizes=\"(max-width: 768px) 100vw, 768px\" \/>\t\t\t\t\t\t\t\t<\/a>\n\t\t\t\t\t\t\t\t\t\t\t\t\t\t\t<\/div>\n\t\t\t\t<\/div>\n\t\t\t\t<div class=\"elementor-element elementor-element-20a0487 elementor-widget__width-initial elementor-widget elementor-widget-image\" data-id=\"20a0487\" data-element_type=\"widget\" data-e-type=\"widget\" data-widget_type=\"image.default\">\n\t\t\t\t<div class=\"elementor-widget-container\">\n\t\t\t\t\t\t\t\t\t\t\t\t\t\t\t\t<a href=\"\/wp-content\/uploads\/2023\/08\/HS_Terminierung_Auswertung.png\">\n\t\t\t\t\t\t\t<img decoding=\"async\" width=\"768\" height=\"355\" src=\"https:\/\/www.glts-cotech.de\/wp-content\/uploads\/2023\/08\/HS_Terminierung_Auswertung-768x355.png\" class=\"attachment-medium_large size-medium_large wp-image-4333\" alt=\"\" srcset=\"https:\/\/www.glts-cotech.de\/wp-content\/uploads\/2023\/08\/HS_Terminierung_Auswertung-768x355.png 768w, https:\/\/www.glts-cotech.de\/wp-content\/uploads\/2023\/08\/HS_Terminierung_Auswertung-300x139.png 300w, https:\/\/www.glts-cotech.de\/wp-content\/uploads\/2023\/08\/HS_Terminierung_Auswertung-1024x473.png 1024w, https:\/\/www.glts-cotech.de\/wp-content\/uploads\/2023\/08\/HS_Terminierung_Auswertung-1536x709.png 1536w, https:\/\/www.glts-cotech.de\/wp-content\/uploads\/2023\/08\/HS_Terminierung_Auswertung-2048x946.png 2048w\" sizes=\"(max-width: 768px) 100vw, 768px\" \/>\t\t\t\t\t\t\t\t<\/a>\n\t\t\t\t\t\t\t\t\t\t\t\t\t\t\t<\/div>\n\t\t\t\t<\/div>\n\t\t\t\t\t<\/div>\n\t\t<\/div>\n\t\t\t\t\t<\/div>\n\t\t<\/section>\n\t\t\t\t<section class=\"elementor-section elementor-top-section elementor-element elementor-element-10eee24 elementor-section-boxed elementor-section-height-default elementor-section-height-default\" data-id=\"10eee24\" data-element_type=\"section\" data-e-type=\"section\" data-settings=\"{&quot;background_background&quot;:&quot;gradient&quot;}\">\n\t\t\t\t\t\t<div class=\"elementor-container elementor-column-gap-default\">\n\t\t\t\t\t<div class=\"elementor-column elementor-col-33 elementor-top-column elementor-element elementor-element-4f30180\" data-id=\"4f30180\" data-element_type=\"column\" data-e-type=\"column\">\n\t\t\t<div class=\"elementor-widget-wrap elementor-element-populated\">\n\t\t\t\t\t\t<div class=\"elementor-element elementor-element-24399f1 elementor-widget elementor-widget-text-editor\" data-id=\"24399f1\" data-element_type=\"widget\" data-e-type=\"widget\" data-widget_type=\"text-editor.default\">\n\t\t\t\t<div class=\"elementor-widget-container\">\n\t\t\t\t\t\t\t\t\t<span style=\"color: #bfbfbf;\">glts cotech GmbH<\/span>\t\t\t\t\t\t\t\t<\/div>\n\t\t\t\t<\/div>\n\t\t\t\t<div class=\"elementor-element elementor-element-79c2304 elementor-widget elementor-widget-text-editor\" data-id=\"79c2304\" data-element_type=\"widget\" data-e-type=\"widget\" data-widget_type=\"text-editor.default\">\n\t\t\t\t<div class=\"elementor-widget-container\">\n\t\t\t\t\t\t\t\t\t<p><span style=\"color: #bfbfbf;\">Handelsplatz 1 b<\/span><br \/><span style=\"color: #bfbfbf;\">04319 Leipzig<\/span><br \/><span style=\"color: #bfbfbf;\">Tel. +49 341 6514405<\/span><br \/><span style=\"color: #bfbfbf;\">info@glts-cotech.de<\/span><\/p>\t\t\t\t\t\t\t\t<\/div>\n\t\t\t\t<\/div>\n\t\t\t\t\t<\/div>\n\t\t<\/div>\n\t\t\t\t<div class=\"elementor-column elementor-col-33 elementor-top-column elementor-element elementor-element-ba8f733\" data-id=\"ba8f733\" data-element_type=\"column\" data-e-type=\"column\">\n\t\t\t<div class=\"elementor-widget-wrap elementor-element-populated\">\n\t\t\t\t\t\t<div class=\"elementor-element elementor-element-28093f9 elementor-widget elementor-widget-text-editor\" data-id=\"28093f9\" data-element_type=\"widget\" data-e-type=\"widget\" data-widget_type=\"text-editor.default\">\n\t\t\t\t<div class=\"elementor-widget-container\">\n\t\t\t\t\t\t\t\t\t<p><a href=\"https:\/\/www.glts-cotech.de\/\" data-wplink-edit=\"true\"><span style=\"color: #bfbfbf;\">Schnell ans Ziel<\/span><\/a><\/p>\t\t\t\t\t\t\t\t<\/div>\n\t\t\t\t<\/div>\n\t\t\t\t<div class=\"elementor-element elementor-element-f124e55 elementor-widget elementor-widget-text-editor\" data-id=\"f124e55\" data-element_type=\"widget\" data-e-type=\"widget\" data-widget_type=\"text-editor.default\">\n\t\t\t\t<div class=\"elementor-widget-container\">\n\t\t\t\t\t\t\t\t\t<p><span style=\"color: #bfbfbf;\"><a style=\"color: #bfbfbf;\" href=\"\/?page_id=55\">Unternehmen<\/a><\/span><br \/><span style=\"color: #bfbfbf;\"><a style=\"color: #bfbfbf;\" href=\"\/?page_id=64\">Job &amp; Karriere<\/a><\/span><br \/><span style=\"color: #bfbfbf;\"><a style=\"color: #bfbfbf;\" href=\"\/?page_id=68\">F\u00f6rderung<\/a><\/span><br \/><span style=\"color: #bfbfbf;\"><a style=\"color: #bfbfbf;\" href=\"\/?page_id=61\">Service &amp; Support<\/a><\/span><\/p>\t\t\t\t\t\t\t\t<\/div>\n\t\t\t\t<\/div>\n\t\t\t\t\t<\/div>\n\t\t<\/div>\n\t\t\t\t<div class=\"elementor-column elementor-col-33 elementor-top-column elementor-element elementor-element-d8556f5\" data-id=\"d8556f5\" data-element_type=\"column\" data-e-type=\"column\">\n\t\t\t<div class=\"elementor-widget-wrap elementor-element-populated\">\n\t\t\t\t\t\t<div class=\"elementor-element elementor-element-bd935df elementor-widget elementor-widget-text-editor\" data-id=\"bd935df\" data-element_type=\"widget\" data-e-type=\"widget\" data-widget_type=\"text-editor.default\">\n\t\t\t\t<div class=\"elementor-widget-container\">\n\t\t\t\t\t\t\t\t\t<p><span style=\"color: #ffffff;\"><span style=\"color: #bfbfbf;\"><a style=\"color: #bfbfbf;\" href=\"\/?page_id=58\">Produktbereiche<\/a><\/span><\/span><\/p>\t\t\t\t\t\t\t\t<\/div>\n\t\t\t\t<\/div>\n\t\t\t\t<div class=\"elementor-element elementor-element-0edfa8a elementor-widget elementor-widget-text-editor\" data-id=\"0edfa8a\" data-element_type=\"widget\" data-e-type=\"widget\" data-widget_type=\"text-editor.default\">\n\t\t\t\t<div class=\"elementor-widget-container\">\n\t\t\t\t\t\t\t\t\t<p><span style=\"color: #bfbfbf;\"><a style=\"color: #bfbfbf;\" href=\"\/?page_id=60\">Disposition &amp; Steuerung<\/a><\/span><br \/><span style=\"color: #bfbfbf;\"><a style=\"color: #bfbfbf;\" href=\"\/?page_id=71\">Prozessmonitoring<\/a><\/span><br \/><span style=\"color: #bfbfbf;\"><a style=\"color: #bfbfbf;\" href=\"\/?page_id=72\">QS &amp; Prozessdokumentation<\/a><\/span><br \/><span style=\"color: #bfbfbf;\"><a style=\"color: #bfbfbf;\" href=\"\/?page_id=501\">Individuelle L\u00f6sungen<\/a><\/span><br \/><span style=\"color: #bfbfbf;\"><a style=\"color: #bfbfbf;\" href=\"\/?page_id=74\">Smartphones f\u00fcr die Logistik &amp; MDM<\/a><\/span><br \/><span style=\"color: #bfbfbf;\"><a style=\"color: #bfbfbf;\" href=\"\/?page_id=75\">Digitale Strategien<\/a><\/span><\/p>\t\t\t\t\t\t\t\t<\/div>\n\t\t\t\t<\/div>\n\t\t\t\t\t<\/div>\n\t\t<\/div>\n\t\t\t\t\t<\/div>\n\t\t<\/section>\n\t\t\t\t<\/div>\n\t\t","protected":false},"excerpt":{"rendered":"<p>LKW &#8211; Abruf Funktion Das System LKW-Abruf erm\u00f6glicht es Kunden eigene und fremde Fahrzeuge dynamisch zum Be- und Entladeort zu steuern bzw. mit prozessrelevanten Informationen zum innerbetrieblichen Warenverkehr zu versorgen. Der Datenaustausch erfolgt \u00fcber das Portal, welches die Meldung(en) an ein dem Fahrer zur Verf\u00fcgung gestelltes Abruf-Smartphone sendet. Fremdfirmen, wie Speditionen, erhalten bei Einfahrt in [&hellip;]<\/p>\n","protected":false},"author":2,"featured_media":0,"parent":0,"menu_order":25,"comment_status":"closed","ping_status":"closed","template":"","meta":{"ocean_post_layout":"full-screen","ocean_both_sidebars_style":"","ocean_both_sidebars_content_width":0,"ocean_both_sidebars_sidebars_width":0,"ocean_sidebar":"0","ocean_second_sidebar":"0","ocean_disable_margins":"enable","ocean_add_body_class":"","ocean_shortcode_before_top_bar":"","ocean_shortcode_after_top_bar":"","ocean_shortcode_before_header":"","ocean_shortcode_after_header":"","ocean_has_shortcode":"","ocean_shortcode_after_title":"","ocean_shortcode_before_footer_widgets":"","ocean_shortcode_after_footer_widgets":"","ocean_shortcode_before_footer_bottom":"","ocean_shortcode_after_footer_bottom":"","ocean_display_top_bar":"default","ocean_display_header":"default","ocean_header_style":"","ocean_center_header_left_menu":"0","ocean_custom_header_template":"0","ocean_custom_logo":0,"ocean_custom_retina_logo":0,"ocean_custom_logo_max_width":0,"ocean_custom_logo_tablet_max_width":0,"ocean_custom_logo_mobile_max_width":0,"ocean_custom_logo_max_height":0,"ocean_custom_logo_tablet_max_height":0,"ocean_custom_logo_mobile_max_height":0,"ocean_header_custom_menu":"0","ocean_menu_typo_font_family":"0","ocean_menu_typo_font_subset":"","ocean_menu_typo_font_size":0,"ocean_menu_typo_font_size_tablet":0,"ocean_menu_typo_font_size_mobile":0,"ocean_menu_typo_font_size_unit":"px","ocean_menu_typo_font_weight":"","ocean_menu_typo_font_weight_tablet":"","ocean_menu_typo_font_weight_mobile":"","ocean_menu_typo_transform":"","ocean_menu_typo_transform_tablet":"","ocean_menu_typo_transform_mobile":"","ocean_menu_typo_line_height":0,"ocean_menu_typo_line_height_tablet":0,"ocean_menu_typo_line_height_mobile":0,"ocean_menu_typo_line_height_unit":"","ocean_menu_typo_spacing":0,"ocean_menu_typo_spacing_tablet":0,"ocean_menu_typo_spacing_mobile":0,"ocean_menu_typo_spacing_unit":"","ocean_menu_link_color":"","ocean_menu_link_color_hover":"","ocean_menu_link_color_active":"","ocean_menu_link_background":"","ocean_menu_link_hover_background":"","ocean_menu_link_active_background":"","ocean_menu_social_links_bg":"","ocean_menu_social_hover_links_bg":"","ocean_menu_social_links_color":"","ocean_menu_social_hover_links_color":"","ocean_disable_title":"on","ocean_disable_heading":"default","ocean_post_title":"","ocean_post_subheading":"","ocean_post_title_style":"","ocean_post_title_background_color":"","ocean_post_title_background":0,"ocean_post_title_bg_image_position":"","ocean_post_title_bg_image_attachment":"","ocean_post_title_bg_image_repeat":"","ocean_post_title_bg_image_size":"","ocean_post_title_height":0,"ocean_post_title_bg_overlay":0.5,"ocean_post_title_bg_overlay_color":"","ocean_disable_breadcrumbs":"default","ocean_breadcrumbs_color":"","ocean_breadcrumbs_separator_color":"","ocean_breadcrumbs_links_color":"","ocean_breadcrumbs_links_hover_color":"","ocean_display_footer_widgets":"default","ocean_display_footer_bottom":"default","ocean_custom_footer_template":"0","footnotes":""},"class_list":["post-79","page","type-page","status-publish","hentry","entry"],"_links":{"self":[{"href":"https:\/\/www.glts-cotech.de\/index.php?rest_route=\/wp\/v2\/pages\/79","targetHints":{"allow":["GET"]}}],"collection":[{"href":"https:\/\/www.glts-cotech.de\/index.php?rest_route=\/wp\/v2\/pages"}],"about":[{"href":"https:\/\/www.glts-cotech.de\/index.php?rest_route=\/wp\/v2\/types\/page"}],"author":[{"embeddable":true,"href":"https:\/\/www.glts-cotech.de\/index.php?rest_route=\/wp\/v2\/users\/2"}],"replies":[{"embeddable":true,"href":"https:\/\/www.glts-cotech.de\/index.php?rest_route=%2Fwp%2Fv2%2Fcomments&post=79"}],"version-history":[{"count":139,"href":"https:\/\/www.glts-cotech.de\/index.php?rest_route=\/wp\/v2\/pages\/79\/revisions"}],"predecessor-version":[{"id":4911,"href":"https:\/\/www.glts-cotech.de\/index.php?rest_route=\/wp\/v2\/pages\/79\/revisions\/4911"}],"wp:attachment":[{"href":"https:\/\/www.glts-cotech.de\/index.php?rest_route=%2Fwp%2Fv2%2Fmedia&parent=79"}],"curies":[{"name":"wp","href":"https:\/\/api.w.org\/{rel}","templated":true}]}}